{"id":5967,"date":"2024-03-29T15:35:16","date_gmt":"2024-03-29T15:35:16","guid":{"rendered":"https:\/\/claus-von-benz.com\/?post_type=property&#038;p=5967"},"modified":"2026-03-06T08:59:52","modified_gmt":"2026-03-06T08:59:52","slug":"santanyi-elegante-finca-nueva-con-piscina","status":"publish","type":"property","link":"https:\/\/claus-von-benz.com\/es\/inmobiliaria-mallorca\/santanyi-elegante-finca-nueva-con-piscina\/","title":{"rendered":"Santanyi - Elegante finca nueva con piscina"},"content":{"rendered":"<p>En una parcela de unos 16.300 m\u00b2 se est\u00e1 construyendo un amplio chalet con piscina y una superficie habitable y \u00fatil de unos 450 m\u00b2. La parcela se encuentra en una zona tranquila, con los pueblos de Ses Salines, Es Llombards y Santany\u00ed a pocos minutos en coche.&nbsp;<\/p>\n\n\n\n<p>La planta baja consta de una zona de entrada, sala de estar, amplia cocina con isla, comedor, lavadero y un dormitorio con ba\u00f1o en suite. En la planta superior hay otros cuatro dormitorios y tres ba\u00f1os, dos de ellos en suite.&nbsp;<\/p>\n\n\n\n<p>La pieza central del jard\u00edn ser\u00e1 la piscina de 12 x 4 metros con casita.<\/p>\n\n\n\n<p><em>Algunas de las fotos muestran un proyecto similar ya realizado.<br><\/em><\/p>\n\n\n\n<p>Si desea m\u00e1s informaci\u00f3n, solic\u00edtela.&nbsp;<\/p>\n\n\n\n<p><strong>Descripci\u00f3n de la ubicaci\u00f3n<\/strong><br>La finca est\u00e1 situada en un entorno rural, pero todav\u00eda est\u00e1 en las inmediaciones de Santany\u00ed. El pueblo es conocido por sus coloridos d\u00edas de mercado y ofrece una gran selecci\u00f3n de restaurantes, bares y amplias tiendas.&nbsp;<\/p>\n\n\n\n<p>En pocos minutos en coche se llega a una gran variedad de calas y playas, as\u00ed como al exclusivo puerto deportivo de Cala d'Or o al excelente campo de golf de Vall d'Or. A s\u00f3lo unos 30 minutos en coche del aeropuerto internacional, aqu\u00ed encontrar\u00e1 la Mallorca original.<\/p>\n\n\n\n<p><strong>PROPIEDADES<\/strong><br>Propiedad 16.300 m\u00b2<br>Superficie habitable 450 m\u00b2<br>5 habitaciones<br>4 ba\u00f1os<br>Orientaci\u00f3n sur<br>y mucho m\u00e1s.<\/p>","protected":false},"excerpt":{"rendered":"<p>Auf einer ca. 16.300&nbsp;m\u00b2&nbsp;gro\u00dfen Parzelle entsteht ein gro\u00dfz\u00fcgiges Einfamilienhaus mit Pool und einer Wohn- und Nutzfl\u00e4che von rund 450&nbsp;m\u00b2. Das Grundst\u00fcck befindet sich in ruhiger Lage, die Orte Ses Salines, Es Llombards und Santany\u00ed sind nur wenige Autominuten entfernt.&nbsp; Das Erdgeschoss besteht aus Eingangsbereich, Wohnbereich, gro\u00dfer K\u00fcche mit Kochinsel, Essbereich, Hauswirtschaftsraum und einem Schlafzimmer mit [&hellip;]<\/p>","protected":false},"author":2,"featured_media":30177,"parent":0,"menu_order":0,"template":"","property_type":[139],"property_status":[40,25],"property_feature":[],"property_label":[],"property_country":[65],"property_state":[66],"property_city":[160],"property_area":[115],"class_list":["post-5967","property","type-property","status-publish","has-post-thumbnail","hentry","property_type-finca-kaufen-mallorca","property_status-neubau","property_status-zu-verkaufen","property_country-spanien","property_state-mallorca","property_city-santanyi","property_area-sueden"],"property_meta":{"_cdp_origin":["4941","4894"],"_cdp_origin_site":["-1"],"_cdp_origin_title":[" IM BAU - Topmoderne Landfinca bei Campos #[Counter]"],"_cdp_counter":["2"],"_edit_lock":["1772787623:9"],"houzez_total_property_views":["663"],"houzez_views_by_date":["a:61:{s:10:\"02-24-2026\";i:3;s:10:\"02-25-2026\";i:3;s:10:\"02-26-2026\";i:5;s:10:\"02-27-2026\";i:5;s:10:\"02-28-2026\";i:5;s:10:\"03-01-2026\";i:2;s:10:\"03-02-2026\";i:8;s:10:\"03-03-2026\";i:6;s:10:\"03-04-2026\";i:1;s:10:\"03-05-2026\";i:4;s:10:\"03-06-2026\";i:13;s:10:\"03-07-2026\";i:5;s:10:\"03-08-2026\";i:3;s:10:\"03-09-2026\";i:7;s:10:\"03-10-2026\";i:16;s:10:\"03-11-2026\";i:10;s:10:\"03-12-2026\";i:3;s:10:\"03-13-2026\";i:4;s:10:\"03-14-2026\";i:10;s:10:\"03-15-2026\";i:8;s:10:\"03-16-2026\";i:4;s:10:\"03-17-2026\";i:6;s:10:\"03-18-2026\";i:6;s:10:\"03-19-2026\";i:1;s:10:\"03-20-2026\";i:6;s:10:\"03-21-2026\";i:13;s:10:\"03-22-2026\";i:2;s:10:\"03-23-2026\";i:3;s:10:\"03-24-2026\";i:3;s:10:\"03-25-2026\";i:12;s:10:\"03-26-2026\";i:14;s:10:\"03-27-2026\";i:5;s:10:\"03-28-2026\";i:8;s:10:\"03-30-2026\";i:3;s:10:\"03-31-2026\";i:5;s:10:\"04-01-2026\";i:1;s:10:\"04-02-2026\";i:6;s:10:\"04-03-2026\";i:5;s:10:\"04-04-2026\";i:3;s:10:\"04-05-2026\";i:4;s:10:\"04-06-2026\";i:4;s:10:\"04-07-2026\";i:3;s:10:\"04-08-2026\";i:3;s:10:\"04-09-2026\";i:3;s:10:\"04-10-2026\";i:8;s:10:\"04-11-2026\";i:5;s:10:\"04-12-2026\";i:5;s:10:\"04-14-2026\";i:4;s:10:\"04-15-2026\";i:6;s:10:\"04-16-2026\";i:3;s:10:\"04-17-2026\";i:4;s:10:\"04-18-2026\";i:5;s:10:\"04-19-2026\";i:4;s:10:\"04-20-2026\";i:6;s:10:\"04-21-2026\";i:2;s:10:\"04-22-2026\";i:4;s:10:\"04-23-2026\";i:3;s:10:\"04-24-2026\";i:5;s:10:\"04-25-2026\";i:4;s:10:\"04-26-2026\";i:9;s:10:\"04-27-2026\";i:3;}"],"houzez_recently_viewed":["2026-04-27 14:35:30"],"_edit_last":["9"],"fave_property_price":["2400000"],"fave_property_size":["450"],"fave_property_land":["16.300"],"fave_property_bedrooms":["5"],"fave_property_bathrooms":["4"],"fave_property_id":["CVB-2021"],"fave_property_map":["1"],"fave_property_map_address":["Santanyi"],"fave_property_location":["39.356334334688,3.1290435791016,12"],"houzez_geolocation_lat":["39.356334334688"],"houzez_geolocation_long":["3.1290435791016"],"fave_property_map_street_view":["show"],"fave_featured":["0"],"houzez_featured_listing_date":[""],"fave_loggedintoview":["0"],"fave_agent_display_option":["agent_info"],"fave_agents":["158"],"fave_prop_homeslider":["no"],"fave_single_top_area":["global"],"fave_single_content_area":["global"],"additional_features":["a:2:{i:0;a:2:{s:29:\"fave_additional_feature_title\";s:13:\"Lage\/Ausblick\";s:29:\"fave_additional_feature_value\";s:10:\"Im Gr\u00fcnen\";}i:1;a:2:{s:29:\"fave_additional_feature_title\";s:11:\"Ausrichtung\";s:29:\"fave_additional_feature_value\";s:4:\"S\u00fcd\";}}"],"_seopress_redirections_type":["301"],"_seopress_redirections_logged_status":["both"],"_seopress_analysis_target_kw":[""],"houzez_manual_expire":["0"],"_houzez_expiration_date_status":["saved"],"fave_property_year":["2024"],"fave_private_note":["https:\/\/www.montemar-immobilien.de\/finca-neubau-in-santanyi-de-972-a.html\r\n(Finca mit Treppe auf Dach)\r\nCVB-xxx \/ AM-F2312050217-1891"],"fave_payment_status":["not_paid"],"_seopress_video":["a:1:{i:0;a:8:{s:3:\"url\";s:0:\"\";s:5:\"title\";s:0:\"\";s:4:\"desc\";s:0:\"\";s:9:\"thumbnail\";s:0:\"\";s:8:\"duration\";s:0:\"\";s:6:\"rating\";s:0:\"\";s:10:\"view_count\";s:0:\"\";s:3:\"tag\";s:0:\"\";}}"],"_thumbnail_id":["30177"],"floor_plans":["a:1:{i:0;a:1:{s:15:\"fave_plan_image\";s:81:\"https:\/\/claus-von-benz.com\/wp-content\/uploads\/2024\/03\/cvb-021-grundrisse_eins.pdf\";}}"],"_trp_translated_slug_en_US":["santanyi-elegant-new-finca-with-pool"],"_trp_translated_slug_es_ES":["santanyi-elegante-finca-nueva-con-piscina"],"fave_show_price_placeholder":["0"],"_uf_disable_surveys":[""],"om_disable_all_campaigns":[""],"_elementor_page_assets":["a:0:{}"],"fave_property_images":["30172","6006","30169","30176","30182","30170","30187","6005","6000","6001","6007","30185","30173","30174","30177","30179","30188","30189","30190","30191","30192","30193","30194","30195","30196","30197","30184","30171","30180","30178","30183","5995","5996","5997","5998","5999"]},"_links":{"self":[{"href":"https:\/\/claus-von-benz.com\/es\/wp-json\/wp\/v2\/properties\/5967","targetHints":{"allow":["GET"]}}],"collection":[{"href":"https:\/\/claus-von-benz.com\/es\/wp-json\/wp\/v2\/properties"}],"about":[{"href":"https:\/\/claus-von-benz.com\/es\/wp-json\/wp\/v2\/types\/property"}],"author":[{"embeddable":true,"href":"https:\/\/claus-von-benz.com\/es\/wp-json\/wp\/v2\/users\/2"}],"version-history":[{"count":2,"href":"https:\/\/claus-von-benz.com\/es\/wp-json\/wp\/v2\/properties\/5967\/revisions"}],"predecessor-version":[{"id":11816,"href":"https:\/\/claus-von-benz.com\/es\/wp-json\/wp\/v2\/properties\/5967\/revisions\/11816"}],"wp:featuredmedia":[{"embeddable":true,"href":"https:\/\/claus-von-benz.com\/es\/wp-json\/wp\/v2\/media\/30177"}],"wp:attachment":[{"href":"https:\/\/claus-von-benz.com\/es\/wp-json\/wp\/v2\/media?parent=5967"}],"wp:term":[{"taxonomy":"property_type","embeddable":true,"href":"https:\/\/claus-von-benz.com\/es\/wp-json\/wp\/v2\/property_type?post=5967"},{"taxonomy":"property_status","embeddable":true,"href":"https:\/\/claus-von-benz.com\/es\/wp-json\/wp\/v2\/property_status?post=5967"},{"taxonomy":"property_feature","embeddable":true,"href":"https:\/\/claus-von-benz.com\/es\/wp-json\/wp\/v2\/property_feature?post=5967"},{"taxonomy":"property_label","embeddable":true,"href":"https:\/\/claus-von-benz.com\/es\/wp-json\/wp\/v2\/property_label?post=5967"},{"taxonomy":"property_country","embeddable":true,"href":"https:\/\/claus-von-benz.com\/es\/wp-json\/wp\/v2\/property_country?post=5967"},{"taxonomy":"property_state","embeddable":true,"href":"https:\/\/claus-von-benz.com\/es\/wp-json\/wp\/v2\/property_state?post=5967"},{"taxonomy":"property_city","embeddable":true,"href":"https:\/\/claus-von-benz.com\/es\/wp-json\/wp\/v2\/property_city?post=5967"},{"taxonomy":"property_area","embeddable":true,"href":"https:\/\/claus-von-benz.com\/es\/wp-json\/wp\/v2\/property_area?post=5967"}],"curies":[{"name":"wp","href":"https:\/\/api.w.org\/{rel}","templated":true}]}}

<p>En una parcela de unos 16.300 m² se está construyendo un amplio chalet con piscina y una superficie habitable y útil de unos 450 m². La parcela se encuentra en una zona tranquila, con los pueblos de Ses Salines, Es Llombards y Santanyí a pocos minutos en coche.&nbsp;</p>



<p>La planta baja consta de una zona de entrada, sala de estar, amplia cocina con isla, comedor, lavadero y un dormitorio con baño en suite. En la planta superior hay otros cuatro dormitorios y tres baños, dos de ellos en suite.&nbsp;</p>



<p>La pieza central del jardín será la piscina de 12 x 4 metros con casita.</p>



<p><em>Algunas de las fotos muestran un proyecto similar ya realizado.<br></em></p>



<p>Si desea más información, solicítela.&nbsp;</p>



<p><strong>Descripción de la ubicación</strong><br>La finca está situada en un entorno rural, pero todavía está en las inmediaciones de Santanyí. El pueblo es conocido por sus coloridos días de mercado y ofrece una gran selección de restaurantes, bares y amplias tiendas.&nbsp;</p>



<p>En pocos minutos en coche se llega a una gran variedad de calas y playas, así como al exclusivo puerto deportivo de Cala d'Or o al excelente campo de golf de Vall d'Or. A sólo unos 30 minutos en coche del aeropuerto internacional, aquí encontrará la Mallorca original.</p>



<p><strong>PROPIEDADES</strong><br>Propiedad 16.300 m²<br>Superficie habitable 450 m²<br>5 habitaciones<br>4 baños<br>Orientación sur<br>y mucho más.</p>

<p>Auf einer ca. 16.300&nbsp;m²&nbsp;großen Parzelle entsteht ein großzügiges Einfamilienhaus mit Pool und einer Wohn- und Nutzfläche von rund 450&nbsp;m². Das Grundstück befindet sich in ruhiger Lage, die Orte Ses Salines, Es Llombards und Santanyí sind nur wenige Autominuten entfernt.&nbsp; Das Erdgeschoss besteht aus Eingangsbereich, Wohnbereich, großer Küche mit Kochinsel, Essbereich, Hauswirtschaftsraum und einem Schlafzimmer mit [&hellip;]</p>

a:2:{i:0;a:2:{s:29:"fave_additional_feature_title";s:13:"Lage/Ausblick";s:29:"fave_additional_feature_value";s:10:"Im Grünen";}i:1;a:2:{s:29:"fave_additional_feature_title";s:11:"Ausrichtung";s:29:"fave_additional_feature_value";s:4:"Süd";}}
