{"id":5901,"date":"2024-03-27T14:14:56","date_gmt":"2024-03-27T14:14:56","guid":{"rendered":"https:\/\/claus-von-benz.com\/?post_type=property&#038;p=5901"},"modified":"2026-03-06T18:24:47","modified_gmt":"2026-03-06T18:24:47","slug":"port-adriano-atico-de-lujo-de-ensueno-con-vistas-despejadas-al-mar","status":"publish","type":"property","link":"https:\/\/claus-von-benz.com\/es\/inmobiliaria-mallorca\/port-adriano-atico-de-lujo-de-ensueno-con-vistas-despejadas-al-mar\/","title":{"rendered":"Port Adriano - Fant\u00e1stico \u00e1tico de lujo con vistas despejadas a las Islas Malgrats"},"content":{"rendered":"<p>Oportunidad \u00fanica: Este fant\u00e1stico \u00e1tico con vistas despejadas al mar ofrece impresionantes vistas sobre las Islas de Malgrats. \u00a0<br>\u00a0<br>Todas las comodidades cotidianas est\u00e1n cerca, al igual que la playa de arena de El Toro y una atractiva selecci\u00f3n de restaurantes, boutiques de lujo, alquiler de yates y entretenimiento para toda la familia. Los aficionados al golf tambi\u00e9n pueden disfrutar plenamente de su pasi\u00f3n.<br>\u00a0<br>Este \u00e1tico de dise\u00f1o, con instalaciones y accesorios de alta calidad, lo entrega directamente un promotor inmobiliario alem\u00e1n. La c\u00f3moda distribuci\u00f3n ofrece una planta principal y una terraza en la azotea. En la planta principal, encontrar\u00e1 un sal\u00f3n y un comedor de planta abierta con una chimenea como separador de ambientes, as\u00ed como una cocina de lujo totalmente equipada con una isla de cocina y acceso a una terraza lateral, que garantiza el sol de la ma\u00f1ana.<\/p>\n\n\n\n<p>Otro elemento destacado es una ventana con vistas al mar y un banco integrado y calefactado cerca de la chimenea, que permite disfrutar c\u00f3modamente de la puesta de sol incluso en invierno.<\/p>\n\n\n\n<p>A la derecha de la puerta de entrada al piso se encuentra el dormitorio principal con armario y ba\u00f1o en suite con ba\u00f1era con vistas al mar y ducha de lluvia XXL. Puede disfrutar de las espectaculares vistas al mar directamente desde su cama de matrimonio. A la izquierda de la puerta de entrada hay otros dos dormitorios, que comparten un cuarto de ba\u00f1o.<\/p>\n\n\n\n<p>La terraza de la azotea es lo m\u00e1s destacado y no deja nada que desear:<br>Cocina profesional al aire libre, chimenea de gas, p\u00e9rgola para sombra, piscina infinita, jacuzzi, plantas mediterr\u00e1neas y una zona de asientos chill-out.<\/p>\n\n\n\n<p>Esta exclusiva e id\u00edlica residencia tambi\u00e9n ofrece una encantadora zona exterior con piscina comunitaria y jardines de estilo mediterr\u00e1neo.<br>&nbsp;<br>Otras caracter\u00edsticas incluyen calefacci\u00f3n por suelo radiante a trav\u00e9s de bomba de calor, baldosas de Porcelanosa de alta calidad (90 x 90 cm), aire acondicionado reversible (fr\u00edo \/ calor), TV v\u00eda sat\u00e9lite, Internet de fibra \u00f3ptica, un garaje doble privado en el aparcamiento subterr\u00e1neo, incluyendo espacio de almacenamiento, el ascensor desde el aparcamiento subterr\u00e1neo hasta el nivel de entrada, y mucho m\u00e1s.<\/p>\n\n\n\n<p>La contribuci\u00f3n mensual es de 490 euros<\/p>\n\n\n\n<p><strong>PROPIEDADES<\/strong><br>Superficie habitable 131 m\u00b2<br>Terrazas 158 m\u00b2<br>Garaje doble privado en aparcamiento subterr\u00e1neo<br>3 habitaciones<br>4 ba\u00f1os<br>Piscina infinita de 25 m\u00b2<br>Cocina de lujo<br>Chimenea<br>Cocina exterior<br>Azulejos de Porcelanosa (90 x 90 cm)<br>Calefacci\u00f3n por suelo radiante con bomba de calor<br>Internet de fibra \u00f3ptica<br>y mucho m\u00e1s.<\/p>","protected":false},"excerpt":{"rendered":"<p>Seltene Gelegenheit: Dieses traumhafte Penthouse mit unverbaubarer Meerblicklage, bietet eine atemberaubende Aussicht \u00fcber die Malgratsinseln (las Islas de Malgrats). \u00a0\u00a0S\u00e4mtliche Annehmlichkeiten des t\u00e4glichen Bedarfs befinden sich nahegelegen, der El Toro Sandstrand sowie eine attraktive Gastronomieauswahl, edle Boutiquen, Yachtcharter sowie Unterhaltung f\u00fcr die gesamte Familie. Golfliebhaber k\u00f6nnen ebenfalls Ihrer Leidenschaft in vollen Z\u00fcgen nachkommen.\u00a0Dieses Designer-Penthouse inklusive [&hellip;]<\/p>","protected":false},"author":2,"featured_media":5926,"parent":0,"menu_order":0,"template":"","property_type":[28,138],"property_status":[25],"property_feature":[185,128,168,188,129,186,123,78,127,124,190,169,187],"property_label":[171],"property_country":[65],"property_state":[66],"property_city":[184,103,67],"property_area":[95],"class_list":["post-5901","property","type-property","status-publish","has-post-thumbnail","hentry","property_type-appartement-kaufen-mallorca","property_type-penthouse-kaufen-mallorca","property_status-zu-verkaufen","property_feature-aussenkueche","property_feature-fussbodenheizung","property_feature-gaskamin","property_feature-glasfaserinternet","property_feature-infinity-pool","property_feature-jacuzzi","property_feature-kamin","property_feature-klimaanlage","property_feature-markenkueche","property_feature-meerblick","property_feature-satelliten-tv","property_feature-tiefgarage","property_feature-waermepumpe","property_label-luxus","property_country-spanien","property_state-mallorca","property_city-nova-santa-ponca","property_city-port-adriano","property_city-santa-ponsa","property_area-suedwesten"],"property_meta":{"_edit_lock":["1772821501:9"],"_thumbnail_id":["5926"],"_edit_last":["9"],"fave_property_price":["3500000"],"fave_property_size":["131"],"fave_property_bedrooms":["3"],"fave_property_bathrooms":["2"],"fave_property_id":["CVB-5019"],"fave_property_map":["1"],"fave_property_map_address":["Nova Santa Ponsa"],"fave_property_location":["39.502001491477,2.4678039550781,15"],"houzez_geolocation_lat":["39.502001491477"],"houzez_geolocation_long":["2.4678039550781"],"fave_property_map_street_view":["show"],"fave_featured":["0"],"houzez_featured_listing_date":[""],"fave_loggedintoview":["0"],"fave_agent_display_option":["agent_info"],"fave_agents":["158"],"fave_prop_homeslider":["no"],"fave_single_top_area":["global"],"fave_single_content_area":["global"],"additional_features":["a:3:{i:0;a:2:{s:29:\"fave_additional_feature_title\";s:4:\"Pool\";s:29:\"fave_additional_feature_value\";s:13:\"Infinity-Pool\";}i:1;a:2:{s:29:\"fave_additional_feature_title\";s:5:\"Style\";s:29:\"fave_additional_feature_value\";s:18:\"Designer-Penthouse\";}i:2;a:2:{s:29:\"fave_additional_feature_title\";s:8:\"Ausblick\";s:29:\"fave_additional_feature_value\";s:27:\"Meerblick auf Malgratinseln\";}}"],"_seopress_redirections_type":["301"],"_seopress_redirections_logged_status":["both"],"_seopress_video":["a:1:{i:0;a:8:{s:3:\"url\";s:0:\"\";s:5:\"title\";s:0:\"\";s:4:\"desc\";s:0:\"\";s:9:\"thumbnail\";s:0:\"\";s:8:\"duration\";s:0:\"\";s:6:\"rating\";s:0:\"\";s:10:\"view_count\";s:0:\"\";s:3:\"tag\";s:0:\"\";}}"],"_seopress_analysis_target_kw":[""],"houzez_manual_expire":["0"],"_houzez_expiration_date_status":["saved"],"houzez_total_property_views":["512"],"houzez_views_by_date":["a:61:{s:10:\"02-24-2026\";i:3;s:10:\"02-25-2026\";i:2;s:10:\"02-26-2026\";i:3;s:10:\"02-27-2026\";i:4;s:10:\"02-28-2026\";i:4;s:10:\"03-01-2026\";i:2;s:10:\"03-02-2026\";i:7;s:10:\"03-03-2026\";i:4;s:10:\"03-04-2026\";i:13;s:10:\"03-05-2026\";i:6;s:10:\"03-06-2026\";i:25;s:10:\"03-07-2026\";i:5;s:10:\"03-08-2026\";i:5;s:10:\"03-09-2026\";i:4;s:10:\"03-10-2026\";i:8;s:10:\"03-11-2026\";i:8;s:10:\"03-12-2026\";i:3;s:10:\"03-13-2026\";i:11;s:10:\"03-14-2026\";i:3;s:10:\"03-15-2026\";i:9;s:10:\"03-16-2026\";i:3;s:10:\"03-17-2026\";i:6;s:10:\"03-18-2026\";i:7;s:10:\"03-19-2026\";i:11;s:10:\"03-20-2026\";i:10;s:10:\"03-21-2026\";i:7;s:10:\"03-22-2026\";i:3;s:10:\"03-23-2026\";i:3;s:10:\"03-24-2026\";i:1;s:10:\"03-25-2026\";i:7;s:10:\"03-26-2026\";i:8;s:10:\"03-27-2026\";i:3;s:10:\"03-28-2026\";i:1;s:10:\"03-29-2026\";i:1;s:10:\"03-30-2026\";i:4;s:10:\"03-31-2026\";i:3;s:10:\"04-01-2026\";i:2;s:10:\"04-02-2026\";i:9;s:10:\"04-03-2026\";i:1;s:10:\"04-06-2026\";i:7;s:10:\"04-08-2026\";i:6;s:10:\"04-09-2026\";i:3;s:10:\"04-10-2026\";i:2;s:10:\"04-11-2026\";i:1;s:10:\"04-12-2026\";i:2;s:10:\"04-13-2026\";i:2;s:10:\"04-14-2026\";i:6;s:10:\"04-15-2026\";i:1;s:10:\"04-16-2026\";i:6;s:10:\"04-17-2026\";i:4;s:10:\"04-18-2026\";i:2;s:10:\"04-19-2026\";i:3;s:10:\"04-20-2026\";i:5;s:10:\"04-21-2026\";i:3;s:10:\"04-22-2026\";i:5;s:10:\"04-23-2026\";i:4;s:10:\"04-24-2026\";i:4;s:10:\"04-25-2026\";i:5;s:10:\"04-26-2026\";i:7;s:10:\"04-27-2026\";i:5;s:10:\"04-28-2026\";i:1;}"],"houzez_recently_viewed":["2026-04-28 14:00:51"],"_trp_automatically_translated_slug_en_US":["port-adriano-dreamlike-luxury-penthouse-in-unobstructed-sea-view-location"],"_trp_automatically_translated_slug_es_ES":["port-adriano-atico-de-lujo-de-ensueno-con-vistas-despejadas-al-mar"],"fave_show_price_placeholder":["0"],"_uf_disable_surveys":[""],"om_disable_all_campaigns":[""],"_elementor_page_assets":["a:0:{}"],"fave_property_images":["5926","5928","5918","5922","5905","5921","5925","5924","5923","5919","5917","5916","5915","5912","5911","5906","5909","5908","5914","5907","5913","5920","5910","5927","5904"]},"_links":{"self":[{"href":"https:\/\/claus-von-benz.com\/es\/wp-json\/wp\/v2\/properties\/5901","targetHints":{"allow":["GET"]}}],"collection":[{"href":"https:\/\/claus-von-benz.com\/es\/wp-json\/wp\/v2\/properties"}],"about":[{"href":"https:\/\/claus-von-benz.com\/es\/wp-json\/wp\/v2\/types\/property"}],"author":[{"embeddable":true,"href":"https:\/\/claus-von-benz.com\/es\/wp-json\/wp\/v2\/users\/2"}],"version-history":[{"count":3,"href":"https:\/\/claus-von-benz.com\/es\/wp-json\/wp\/v2\/properties\/5901\/revisions"}],"predecessor-version":[{"id":6463,"href":"https:\/\/claus-von-benz.com\/es\/wp-json\/wp\/v2\/properties\/5901\/revisions\/6463"}],"wp:featuredmedia":[{"embeddable":true,"href":"https:\/\/claus-von-benz.com\/es\/wp-json\/wp\/v2\/media\/5926"}],"wp:attachment":[{"href":"https:\/\/claus-von-benz.com\/es\/wp-json\/wp\/v2\/media?parent=5901"}],"wp:term":[{"taxonomy":"property_type","embeddable":true,"href":"https:\/\/claus-von-benz.com\/es\/wp-json\/wp\/v2\/property_type?post=5901"},{"taxonomy":"property_status","embeddable":true,"href":"https:\/\/claus-von-benz.com\/es\/wp-json\/wp\/v2\/property_status?post=5901"},{"taxonomy":"property_feature","embeddable":true,"href":"https:\/\/claus-von-benz.com\/es\/wp-json\/wp\/v2\/property_feature?post=5901"},{"taxonomy":"property_label","embeddable":true,"href":"https:\/\/claus-von-benz.com\/es\/wp-json\/wp\/v2\/property_label?post=5901"},{"taxonomy":"property_country","embeddable":true,"href":"https:\/\/claus-von-benz.com\/es\/wp-json\/wp\/v2\/property_country?post=5901"},{"taxonomy":"property_state","embeddable":true,"href":"https:\/\/claus-von-benz.com\/es\/wp-json\/wp\/v2\/property_state?post=5901"},{"taxonomy":"property_city","embeddable":true,"href":"https:\/\/claus-von-benz.com\/es\/wp-json\/wp\/v2\/property_city?post=5901"},{"taxonomy":"property_area","embeddable":true,"href":"https:\/\/claus-von-benz.com\/es\/wp-json\/wp\/v2\/property_area?post=5901"}],"curies":[{"name":"wp","href":"https:\/\/api.w.org\/{rel}","templated":true}]}}

Port Adriano - Fantástico ático de lujo con vistas despejadas a las Islas Malgrats

<p>Oportunidad única: Este fantástico ático con vistas despejadas al mar ofrece impresionantes vistas sobre las Islas de Malgrats.  <br> <br>Todas las comodidades cotidianas están cerca, al igual que la playa de arena de El Toro y una atractiva selección de restaurantes, boutiques de lujo, alquiler de yates y entretenimiento para toda la familia. Los aficionados al golf también pueden disfrutar plenamente de su pasión.<br> <br>Este ático de diseño, con instalaciones y accesorios de alta calidad, lo entrega directamente un promotor inmobiliario alemán. La cómoda distribución ofrece una planta principal y una terraza en la azotea. En la planta principal, encontrará un salón y un comedor de planta abierta con una chimenea como separador de ambientes, así como una cocina de lujo totalmente equipada con una isla de cocina y acceso a una terraza lateral, que garantiza el sol de la mañana.</p>



<p>Otro elemento destacado es una ventana con vistas al mar y un banco integrado y calefactado cerca de la chimenea, que permite disfrutar cómodamente de la puesta de sol incluso en invierno.</p>



<p>A la derecha de la puerta de entrada al piso se encuentra el dormitorio principal con armario y baño en suite con bañera con vistas al mar y ducha de lluvia XXL. Puede disfrutar de las espectaculares vistas al mar directamente desde su cama de matrimonio. A la izquierda de la puerta de entrada hay otros dos dormitorios, que comparten un cuarto de baño.</p>



<p>La terraza de la azotea es lo más destacado y no deja nada que desear:<br>Cocina profesional al aire libre, chimenea de gas, pérgola para sombra, piscina infinita, jacuzzi, plantas mediterráneas y una zona de asientos chill-out.</p>



<p>Esta exclusiva e idílica residencia también ofrece una encantadora zona exterior con piscina comunitaria y jardines de estilo mediterráneo.<br>&nbsp;<br>Otras características incluyen calefacción por suelo radiante a través de bomba de calor, baldosas de Porcelanosa de alta calidad (90 x 90 cm), aire acondicionado reversible (frío / calor), TV vía satélite, Internet de fibra óptica, un garaje doble privado en el aparcamiento subterráneo, incluyendo espacio de almacenamiento, el ascensor desde el aparcamiento subterráneo hasta el nivel de entrada, y mucho más.</p>



<p>La contribución mensual es de 490 euros</p>



<p><strong>PROPIEDADES</strong><br>Superficie habitable 131 m²<br>Terrazas 158 m²<br>Garaje doble privado en aparcamiento subterráneo<br>3 habitaciones<br>4 baños<br>Piscina infinita de 25 m²<br>Cocina de lujo<br>Chimenea<br>Cocina exterior<br>Azulejos de Porcelanosa (90 x 90 cm)<br>Calefacción por suelo radiante con bomba de calor<br>Internet de fibra óptica<br>y mucho más.</p>

<p>Seltene Gelegenheit: Dieses traumhafte Penthouse mit unverbaubarer Meerblicklage, bietet eine atemberaubende Aussicht über die Malgratsinseln (las Islas de Malgrats).   Sämtliche Annehmlichkeiten des täglichen Bedarfs befinden sich nahegelegen, der El Toro Sandstrand sowie eine attraktive Gastronomieauswahl, edle Boutiquen, Yachtcharter sowie Unterhaltung für die gesamte Familie. Golfliebhaber können ebenfalls Ihrer Leidenschaft in vollen Zügen nachkommen. Dieses Designer-Penthouse inklusive [&hellip;]</p>
