{"id":5227,"date":"2024-01-08T14:53:49","date_gmt":"2024-01-08T14:53:49","guid":{"rendered":"https:\/\/claus-von-benz.com\/?post_type=property&#038;p=5227"},"modified":"2024-09-05T11:41:21","modified_gmt":"2024-09-05T11:41:21","slug":"piso-con-vistas-unicas-al-mar-y-al-puerto-de-port-dandratx","status":"publish","type":"property","link":"https:\/\/claus-von-benz.com\/es\/inmobiliaria-mallorca\/piso-con-vistas-unicas-al-mar-y-al-puerto-de-port-dandratx\/","title":{"rendered":"Piso con vistas \u00fanicas al mar y al puerto de Port d'Andratx"},"content":{"rendered":"<p>Este fant\u00e1stico piso est\u00e1 situado en una codiciada ubicaci\u00f3n en Port d'Andratx, en el suroeste de Mallorca, en un complejo bien cuidado con s\u00f3lo nueve unidades. El pintoresco puerto y el pueblo es muy popular entre los residentes y turistas por igual. Varios restaurantes, bares, tiendas y peque\u00f1as bah\u00edas encantadoras est\u00e1n a poca distancia. Varios campos de golf se puede llegar en pocos minutos en coche, al igual que la capital Palma de Mallorca.<\/p>\n\n\n\n<p>La propiedad est\u00e1 elevada y disfruta de unas vistas \u00fanicas al mar y al puerto de Port d'Andratx.<\/p>\n\n\n\n<p>La propiedad es un piso de primera clase en excelentes condiciones y fue construido en 1991.<\/p>\n\n\n\n<p>Tiene una superficie habitable de 88 m\u00b2 y consta de 3 habitaciones, 2 dormitorios y 3 ba\u00f1os. El equipamiento es de alta calidad con suelos de baldosas y una cocina abierta Leicht. Los ba\u00f1os est\u00e1n equipados con grifer\u00eda Dornbracht y suelos de piedra natural Zarci. Adem\u00e1s, el dormitorio principal, el ba\u00f1o y el sal\u00f3n disponen de calefacci\u00f3n el\u00e9ctrica por suelo radiante, mientras que los ba\u00f1os tambi\u00e9n cuentan con radiadores toalleros el\u00e9ctricos. En el ba\u00f1o principal hay un lavabo de piedra natural y las duchas est\u00e1n a ras de suelo con revestimiento de piedra natural.<\/p>\n\n\n\n<p>La propiedad tambi\u00e9n cuenta con iluminaci\u00f3n empotrada, interruptores GIRA en antracita, nuevas ventanas de aluminio y televisores en los dormitorios y el sal\u00f3n. Adem\u00e1s, hay una gran puerta corredera en el sal\u00f3n que da acceso a la terraza. Los dormitorios tienen armarios empotrados y hay una plaza de aparcamiento cubierta. Tambi\u00e9n hay aire acondicionado con control individual, un lavadero y un trastero adicional.<\/p>\n\n\n\n<p>La propiedad est\u00e1 disponible de inmediato.<\/p>\n\n\n\n<p>Concierte una cita y disfrute pronto de unas vistas \u00fanicas al mar.<br>\u00a0\u2028<br><strong>Certificado energ\u00e9tico<\/strong><br>disponible - V\u00e1lido hasta: 22\/07\/2032<br>Clase: C<\/p>\n\n\n\n<p><\/p>\n\n\n\n<p><strong>Ubicaci\u00f3n<\/strong><br>Port Andratx se encuentra en el extremo suroeste de la isla balear, a unos 5 kil\u00f3metros de Andratx. Todav\u00eda conserva un puerto pesquero en funcionamiento donde podr\u00e1 sentarse al aire libre en uno de los muchos restaurantes, caf\u00e9s o bares. Sus dos playas son muy peque\u00f1as, pero hay otras m\u00e1s grandes en las inmediaciones, as\u00ed como numerosos destinos de excursi\u00f3n, lujosos balnearios y campos de golf. Hay una calle comercial principal a lo largo del paseo mar\u00edtimo y m\u00e1s tiendas en las calles traseras, que se encuentran en las colinas de fuerte pendiente que rodean la ciudad.<br>Cala Llamp es la bah\u00eda vecina de Port Andratx, en el suroeste de Mallorca, a dos kil\u00f3metros de distancia. Este tramo de costa se caracteriza por no tener arena, s\u00f3lo rocas lisas. La peque\u00f1a bah\u00eda rocosa es muy popular entre los residentes de Andratx. Despu\u00e9s de todo, el municipio no est\u00e1 bendecido con demasiadas playas. En verano, el club de playa de Cala Llamp es un popular punto de encuentro para comer, beber y relajarse. Tambi\u00e9n hay una piscina a disposici\u00f3n de los clientes. La bah\u00eda no es apta para nadadores.<\/p>\n\n\n\n<p><strong>PROPIEDADES<\/strong><br>Terreno aprox. 2.666 m\u00b2<br>Superficie habitable aprox. 77 m\u00b2<br>Superficie \u00fatil aprox. 88 m\u00b2<br>2 habitaciones<br>3 cuartos de ba\u00f1o<\/p>","protected":false},"excerpt":{"rendered":"<p>Este fant\u00e1stico piso est\u00e1 situado en una codiciada ubicaci\u00f3n en Port d'Andratx, en el suroeste de Mallorca, en un complejo bien cuidado con s\u00f3lo nueve unidades. El pintoresco puerto y el pueblo es muy popular entre los residentes y turistas por igual. Varios restaurantes, bares, tiendas y peque\u00f1as bah\u00edas encantadoras est\u00e1n a poca distancia. Varios campos de golf est\u00e1n a pocos minutos en coche [...]<\/p>","protected":false},"author":2,"featured_media":5238,"parent":0,"menu_order":0,"template":"","property_type":[28,162],"property_status":[],"property_feature":[163,124],"property_label":[148],"property_country":[65],"property_state":[66],"property_city":[164],"property_area":[95],"class_list":["post-5227","property","type-property","status-publish","has-post-thumbnail","hentry","property_type-appartement-kaufen-mallorca","property_type-etagenwohnung-kaufen-mallorca","property_feature-hafenblick","property_feature-meerblick","property_label-verkauft","property_country-spanien","property_state-mallorca","property_city-port-dandratx","property_area-suedwesten"],"property_meta":{"_edit_lock":["1725536484:2"],"_thumbnail_id":["5238"],"_edit_last":["2"],"fave_property_price":["1145000"],"fave_property_size":["77"],"fave_property_land":["2666"],"fave_property_bedrooms":["2"],"fave_property_rooms":["3"],"fave_property_bathrooms":["3"],"fave_property_year":["1991"],"fave_property_id":["CVB-5012"],"fave_property_map":["1"],"fave_property_map_address":["Port d'Andraxt"],"fave_property_location":["39.546208952666,2.390695810318,18"],"houzez_geolocation_lat":["39.546208952666"],"houzez_geolocation_long":["2.390695810318"],"fave_property_map_street_view":["show"],"fave_featured":["0"],"houzez_featured_listing_date":[""],"fave_loggedintoview":["0"],"fave_agent_display_option":["agent_info"],"fave_agents":["158"],"fave_prop_homeslider":["no"],"fave_private_note":["Schanz und Kohne\r\nObjekt-ID - MS2487"],"fave_energy_class":["C"],"fave_single_top_area":["global"],"fave_single_content_area":["global"],"additional_features":["a:4:{i:0;a:2:{s:29:\"fave_additional_feature_title\";s:8:\"Ausblick\";s:29:\"fave_additional_feature_value\";s:20:\"Meer- und Hafenblick\";}i:1;a:2:{s:29:\"fave_additional_feature_title\";s:7:\"Heizung\";s:29:\"fave_additional_feature_value\";s:28:\"elektrische Fussbodenheizung\";}i:2;a:2:{s:29:\"fave_additional_feature_title\";s:13:\"Armaturen von\";s:29:\"fave_additional_feature_value\";s:10:\"Dornbracht\";}i:3;a:2:{s:29:\"fave_additional_feature_title\";s:20:\"Natursteinb\u00f6den von\";s:29:\"fave_additional_feature_value\";s:5:\"Zarci\";}}"],"houzez_manual_expire":["0"],"_houzez_expiration_date_status":["saved"],"houzez_total_property_views":["1554"],"houzez_views_by_date":["a:61:{s:10:\"02-27-2026\";i:5;s:10:\"02-28-2026\";i:5;s:10:\"03-01-2026\";i:2;s:10:\"03-02-2026\";i:14;s:10:\"03-03-2026\";i:4;s:10:\"03-04-2026\";i:3;s:10:\"03-05-2026\";i:5;s:10:\"03-06-2026\";i:1;s:10:\"03-07-2026\";i:5;s:10:\"03-08-2026\";i:1;s:10:\"03-09-2026\";i:7;s:10:\"03-10-2026\";i:9;s:10:\"03-11-2026\";i:8;s:10:\"03-12-2026\";i:4;s:10:\"03-13-2026\";i:6;s:10:\"03-14-2026\";i:6;s:10:\"03-15-2026\";i:8;s:10:\"03-16-2026\";i:5;s:10:\"03-17-2026\";i:7;s:10:\"03-18-2026\";i:5;s:10:\"03-19-2026\";i:7;s:10:\"03-20-2026\";i:12;s:10:\"03-21-2026\";i:6;s:10:\"03-22-2026\";i:2;s:10:\"03-23-2026\";i:1;s:10:\"03-24-2026\";i:4;s:10:\"03-25-2026\";i:8;s:10:\"03-26-2026\";i:9;s:10:\"03-27-2026\";i:3;s:10:\"03-28-2026\";i:8;s:10:\"03-29-2026\";i:1;s:10:\"03-30-2026\";i:2;s:10:\"03-31-2026\";i:6;s:10:\"04-01-2026\";i:2;s:10:\"04-02-2026\";i:3;s:10:\"04-03-2026\";i:4;s:10:\"04-04-2026\";i:3;s:10:\"04-05-2026\";i:1;s:10:\"04-06-2026\";i:4;s:10:\"04-07-2026\";i:6;s:10:\"04-08-2026\";i:3;s:10:\"04-09-2026\";i:5;s:10:\"04-10-2026\";i:3;s:10:\"04-11-2026\";i:1;s:10:\"04-12-2026\";i:4;s:10:\"04-13-2026\";i:2;s:10:\"04-14-2026\";i:6;s:10:\"04-17-2026\";i:6;s:10:\"04-18-2026\";i:3;s:10:\"04-19-2026\";i:6;s:10:\"04-20-2026\";i:6;s:10:\"04-21-2026\";i:3;s:10:\"04-22-2026\";i:2;s:10:\"04-23-2026\";i:1;s:10:\"04-24-2026\";i:3;s:10:\"04-25-2026\";i:7;s:10:\"04-26-2026\";i:7;s:10:\"04-27-2026\";i:8;s:10:\"04-28-2026\";i:6;s:10:\"04-29-2026\";i:6;s:10:\"04-30-2026\";i:3;}"],"houzez_recently_viewed":["2026-04-30 14:28:41"],"_trp_automatically_translated_slug_en_US":["apartment-with-unique-sea-and-harbor-view-of-port-dandratx"],"_trp_automatically_translated_slug_es_ES":["piso-con-vistas-unicas-al-mar-y-al-puerto-de-port-dandratx"],"_seopress_redirections_type":["301"],"_seopress_redirections_logged_status":["both"],"_seopress_video":["a:1:{i:0;a:8:{s:3:\"url\";s:0:\"\";s:5:\"title\";s:0:\"\";s:4:\"desc\";s:0:\"\";s:9:\"thumbnail\";s:0:\"\";s:8:\"duration\";s:0:\"\";s:6:\"rating\";s:0:\"\";s:10:\"view_count\";s:0:\"\";s:3:\"tag\";s:0:\"\";}}"],"_seopress_analysis_target_kw":[""],"fave_show_price_placeholder":["0"],"fave_property_images":["5238","5237","5236","5235","5234","5232","5233","5231","5228","5229","5230","5239","5240"],"_uf_disable_surveys":[""],"om_disable_all_campaigns":[""],"_elementor_page_assets":["a:0:{}"]},"_links":{"self":[{"href":"https:\/\/claus-von-benz.com\/es\/wp-json\/wp\/v2\/properties\/5227","targetHints":{"allow":["GET"]}}],"collection":[{"href":"https:\/\/claus-von-benz.com\/es\/wp-json\/wp\/v2\/properties"}],"about":[{"href":"https:\/\/claus-von-benz.com\/es\/wp-json\/wp\/v2\/types\/property"}],"author":[{"embeddable":true,"href":"https:\/\/claus-von-benz.com\/es\/wp-json\/wp\/v2\/users\/2"}],"version-history":[{"count":3,"href":"https:\/\/claus-von-benz.com\/es\/wp-json\/wp\/v2\/properties\/5227\/revisions"}],"predecessor-version":[{"id":5243,"href":"https:\/\/claus-von-benz.com\/es\/wp-json\/wp\/v2\/properties\/5227\/revisions\/5243"}],"wp:featuredmedia":[{"embeddable":true,"href":"https:\/\/claus-von-benz.com\/es\/wp-json\/wp\/v2\/media\/5238"}],"wp:attachment":[{"href":"https:\/\/claus-von-benz.com\/es\/wp-json\/wp\/v2\/media?parent=5227"}],"wp:term":[{"taxonomy":"property_type","embeddable":true,"href":"https:\/\/claus-von-benz.com\/es\/wp-json\/wp\/v2\/property_type?post=5227"},{"taxonomy":"property_status","embeddable":true,"href":"https:\/\/claus-von-benz.com\/es\/wp-json\/wp\/v2\/property_status?post=5227"},{"taxonomy":"property_feature","embeddable":true,"href":"https:\/\/claus-von-benz.com\/es\/wp-json\/wp\/v2\/property_feature?post=5227"},{"taxonomy":"property_label","embeddable":true,"href":"https:\/\/claus-von-benz.com\/es\/wp-json\/wp\/v2\/property_label?post=5227"},{"taxonomy":"property_country","embeddable":true,"href":"https:\/\/claus-von-benz.com\/es\/wp-json\/wp\/v2\/property_country?post=5227"},{"taxonomy":"property_state","embeddable":true,"href":"https:\/\/claus-von-benz.com\/es\/wp-json\/wp\/v2\/property_state?post=5227"},{"taxonomy":"property_city","embeddable":true,"href":"https:\/\/claus-von-benz.com\/es\/wp-json\/wp\/v2\/property_city?post=5227"},{"taxonomy":"property_area","embeddable":true,"href":"https:\/\/claus-von-benz.com\/es\/wp-json\/wp\/v2\/property_area?post=5227"}],"curies":[{"name":"wp","href":"https:\/\/api.w.org\/{rel}","templated":true}]}}

Piso con vistas únicas al mar y al puerto de Port d'Andratx

<p>Este fantástico piso está situado en una codiciada ubicación en Port d'Andratx, en el suroeste de Mallorca, en un complejo bien cuidado con sólo nueve unidades. El pintoresco puerto y el pueblo es muy popular entre los residentes y turistas por igual. Varios restaurantes, bares, tiendas y pequeñas bahías encantadoras están a poca distancia. Varios campos de golf se puede llegar en pocos minutos en coche, al igual que la capital Palma de Mallorca.</p>



<p>La propiedad está elevada y disfruta de unas vistas únicas al mar y al puerto de Port d'Andratx.</p>



<p>La propiedad es un piso de primera clase en excelentes condiciones y fue construido en 1991.</p>



<p>Tiene una superficie habitable de 88 m² y consta de 3 habitaciones, 2 dormitorios y 3 baños. El equipamiento es de alta calidad con suelos de baldosas y una cocina abierta Leicht. Los baños están equipados con grifería Dornbracht y suelos de piedra natural Zarci. Además, el dormitorio principal, el baño y el salón disponen de calefacción eléctrica por suelo radiante, mientras que los baños también cuentan con radiadores toalleros eléctricos. En el baño principal hay un lavabo de piedra natural y las duchas están a ras de suelo con revestimiento de piedra natural.</p>



<p>La propiedad también cuenta con iluminación empotrada, interruptores GIRA en antracita, nuevas ventanas de aluminio y televisores en los dormitorios y el salón. Además, hay una gran puerta corredera en el salón que da acceso a la terraza. Los dormitorios tienen armarios empotrados y hay una plaza de aparcamiento cubierta. También hay aire acondicionado con control individual, un lavadero y un trastero adicional.</p>



<p>La propiedad está disponible de inmediato.</p>



<p>Concierte una cita y disfrute pronto de unas vistas únicas al mar.<br>  <br><strong>Certificado energético</strong><br>disponible - Válido hasta: 22/07/2032<br>Clase: C</p>



<p></p>



<p><strong>Ubicación</strong><br>Port Andratx se encuentra en el extremo suroeste de la isla balear, a unos 5 kilómetros de Andratx. Todavía conserva un puerto pesquero en funcionamiento donde podrá sentarse al aire libre en uno de los muchos restaurantes, cafés o bares. Sus dos playas son muy pequeñas, pero hay otras más grandes en las inmediaciones, así como numerosos destinos de excursión, lujosos balnearios y campos de golf. Hay una calle comercial principal a lo largo del paseo marítimo y más tiendas en las calles traseras, que se encuentran en las colinas de fuerte pendiente que rodean la ciudad.<br>Cala Llamp es la bahía vecina de Port Andratx, en el suroeste de Mallorca, a dos kilómetros de distancia. Este tramo de costa se caracteriza por no tener arena, sólo rocas lisas. La pequeña bahía rocosa es muy popular entre los residentes de Andratx. Después de todo, el municipio no está bendecido con demasiadas playas. En verano, el club de playa de Cala Llamp es un popular punto de encuentro para comer, beber y relajarse. También hay una piscina a disposición de los clientes. La bahía no es apta para nadadores.</p>



<p><strong>PROPIEDADES</strong><br>Terreno aprox. 2.666 m²<br>Superficie habitable aprox. 77 m²<br>Superficie útil aprox. 88 m²<br>2 habitaciones<br>3 cuartos de baño</p>

<p>Este fantástico piso está situado en una codiciada ubicación en Port d'Andratx, en el suroeste de Mallorca, en un complejo bien cuidado con sólo nueve unidades. El pintoresco puerto y el pueblo es muy popular entre los residentes y turistas por igual. Varios restaurantes, bares, tiendas y pequeñas bahías encantadoras están a poca distancia. Varios campos de golf están a pocos minutos en coche [...]</p>

a:4:{i:0;a:2:{s:29:"fave_additional_feature_title";s:8:"Ausblick";s:29:"fave_additional_feature_value";s:20:"Meer- und Hafenblick";}i:1;a:2:{s:29:"fave_additional_feature_title";s:7:"Heizung";s:29:"fave_additional_feature_value";s:28:"elektrische Fussbodenheizung";}i:2;a:2:{s:29:"fave_additional_feature_title";s:13:"Armaturen von";s:29:"fave_additional_feature_value";s:10:"Dornbracht";}i:3;a:2:{s:29:"fave_additional_feature_title";s:20:"Natursteinböden von";s:29:"fave_additional_feature_value";s:5:"Zarci";}}
