{"id":5189,"date":"2024-01-08T14:32:47","date_gmt":"2024-01-08T14:32:47","guid":{"rendered":"https:\/\/claus-von-benz.com\/?post_type=property&#038;p=5189"},"modified":"2026-01-19T15:53:01","modified_gmt":"2026-01-19T15:53:01","slug":"exclusivo-en-santa-ponca-luminoso-piso-con-vistas-al-mar-directamente-en-la-bahia","status":"publish","type":"property","link":"https:\/\/claus-von-benz.com\/es\/inmobiliaria-mallorca\/exclusivo-en-santa-ponca-luminoso-piso-con-vistas-al-mar-directamente-en-la-bahia\/","title":{"rendered":"Exclusivo en Santa Ponsa: Luminoso piso con vistas al mar directamente en la bah\u00eda"},"content":{"rendered":"<p>Este bonito y luminoso piso con vistas al mar en 1\u00aa l\u00ednea de mar directamente en la bah\u00eda de Santa Pon\u00e7a se encuentra en un bloque de pisos construido en 1966.<\/p>\n\n\n\n<p>La propiedad tiene una superficie habitable de aprox. 86 m2 m\u00e1s 22 m2 de terraza con vistas al mar y est\u00e1 orientada al sur.<\/p>\n\n\n\n<p>Al entrar en el piso, se accede primero a un amplio vest\u00edbulo con guardarropa, desde el que se accede a todas las habitaciones. Hay un total de cuatro dormitorios (uno de los cuales es actualmente un trastero) y dos cuartos de ba\u00f1o.<br>La caldera de agua caliente y la lavadora est\u00e1n instaladas en el centro del piso.<\/p>\n\n\n\n<p>Tres dormitorios est\u00e1n equipados cada uno con un armario empotrado y algunos tienen ventiladores de techo.<br>La cocina americana es completamente nueva y tambi\u00e9n ofrece espacio suficiente para cocinar y servir en sus d\u00edas especiales.<br><br>Se ha instalado aire acondicionado (fr\u00edo\/calor) en el sal\u00f3n para que tenga una temperatura ambiente agradable en los meses de verano si desea permanecer en el interior. Las grandes ventanas de pie proporcionan la habitaci\u00f3n con mucha luz natural y una maravillosa vista del mar y la bah\u00eda de Santa Ponsa.<\/p>\n\n\n\n<p>La atractiva y amplia terraza (aprox. 22 m2) ofrece una vista impresionante del mar. Est\u00e1 equipada con una cristalera fija en el lado derecho y frontal izquierdo (en el primer tercio izquierdo). Todo lo dem\u00e1s est\u00e1 abierto.&nbsp; &nbsp;<\/p>\n\n\n\n<p>Los propietarios tienen acceso privado a la playa y a sus instalaciones de restauraci\u00f3n.&nbsp;<\/p>\n\n\n\n<p>Se puede ocupar un aparcamiento fijo de alquiler situado a unos 300 m.<\/p>\n\n\n\n<p>Si est\u00e1 interesado en esta propiedad, no dude en ponerse en contacto con nosotros.<br><br><strong>Certificado energ\u00e9tico<\/strong><br>En curso Clase: E<\/p>\n\n\n\n<p><strong>Ubicaci\u00f3n<\/strong><br>Santa Ponca es un pueblo del suroeste de la isla balear de Mallorca y pertenece al municipio de Calvi\u00e0. Est\u00e1 situado en torno a una bah\u00eda alargada rodeada de escarpados acantilados y cuenta con dos grandes playas de arena. Los aficionados a los deportes n\u00e1uticos pueden practicar surf o esqu\u00ed acu\u00e1tico. Hay varios campos de golf para los aficionados a este deporte.<br><br>Restaurantes, caf\u00e9s y tiendas de recuerdos bordean la zona de playa, separada por una carretera costera. A pocos minutos a pie del centro hay un pintoresco puerto deportivo, y los barrios de villas de extranjeros y espa\u00f1oles adinerados se extienden a lo largo de las orillas norte y sur. Tambi\u00e9n se han instalado aqu\u00ed muchos alemanes.<br>La distancia a la capital de la isla, Palma, y al aeropuerto es de unos 20 kil\u00f3metros.<\/p>\n\n\n\n<p><strong>PROPIEDADES<\/strong><br>Superficie habitable aprox. 86 m\u00b2<br>Superficie \u00fatil aprox. 108 m\u00b2<br>Terraza aprox. 22 m\u00b2<br>4 habitaciones<br>2 ba\u00f1os<br>Aparcamiento de alquiler permanente a unos 300 m <\/p>","protected":false},"excerpt":{"rendered":"<p>Este bonito y luminoso piso con vistas al mar en 1\u00aa l\u00ednea de mar directamente en la bah\u00eda de Santa Pon\u00e7a se encuentra en un edificio de apartamentos de 1966. La propiedad tiene una superficie habitable de aprox. 86 m2 m\u00e1s 22 m2 de terraza con vistas al mar y est\u00e1 orientada al sur. Al entrar en el piso, se accede primero a un amplio vest\u00edbulo con [...]<\/p>","protected":false},"author":2,"featured_media":5190,"parent":0,"menu_order":0,"template":"","property_type":[28,63],"property_status":[25,24],"property_feature":[124,121],"property_label":[],"property_country":[65],"property_state":[66],"property_city":[67],"property_area":[95],"class_list":["post-5189","property","type-property","status-publish","has-post-thumbnail","hentry","property_type-appartement-kaufen-mallorca","property_type-haus-mit-meerblick-kaufen-mallorca","property_status-zu-verkaufen","property_status-zu-vermieten","property_feature-meerblick","property_feature-waschmaschine","property_country-spanien","property_state-mallorca","property_city-santa-ponsa","property_area-suedwesten"],"property_meta":{"_edit_lock":["1768838144:9"],"_thumbnail_id":["5190"],"_edit_last":["9"],"fave_property_price":["595000"],"fave_property_size":["86"],"fave_property_bedrooms":["4"],"fave_property_rooms":["5"],"fave_property_bathrooms":["2"],"fave_property_id":["CVB-5011"],"fave_property_map":["1"],"fave_property_map_address":["Santa Pon\u00e7a, Calvi\u00e0, Serra de Tramuntana, Illes Balears, 07180, Espa\u00f1a"],"fave_property_location":["39.5148159,2.4819598,12"],"houzez_geolocation_lat":["39.5148159"],"houzez_geolocation_long":["2.4819598"],"fave_property_map_street_view":["show"],"fave_featured":["0"],"houzez_featured_listing_date":[""],"fave_loggedintoview":["0"],"fave_agent_display_option":["agent_info"],"fave_agents":["158"],"fave_prop_homeslider":["no"],"fave_private_note":["Schanz und Kohne\r\nObjekt-ID - RL2468"],"fave_energy_class":["E"],"fave_single_top_area":["global"],"fave_single_content_area":["global"],"additional_features":["a:3:{i:0;a:2:{s:29:\"fave_additional_feature_title\";s:8:\"Ausblick\";s:29:\"fave_additional_feature_value\";s:9:\"Meerblick\";}i:1;a:2:{s:29:\"fave_additional_feature_title\";s:4:\"Lage\";s:29:\"fave_additional_feature_value\";s:16:\"An der Badebucht\";}i:2;a:2:{s:29:\"fave_additional_feature_title\";s:26:\"Entfernung Flughafen\/Palma\";s:29:\"fave_additional_feature_value\";s:16:\"ca. 20 Kilometer\";}}"],"houzez_manual_expire":["0"],"_houzez_expiration_date_status":["saved"],"houzez_total_property_views":["1441"],"houzez_views_by_date":["a:61:{s:10:\"02-26-2026\";i:7;s:10:\"02-27-2026\";i:5;s:10:\"02-28-2026\";i:1;s:10:\"03-01-2026\";i:2;s:10:\"03-02-2026\";i:6;s:10:\"03-03-2026\";i:4;s:10:\"03-04-2026\";i:1;s:10:\"03-05-2026\";i:5;s:10:\"03-06-2026\";i:4;s:10:\"03-07-2026\";i:1;s:10:\"03-08-2026\";i:3;s:10:\"03-09-2026\";i:5;s:10:\"03-10-2026\";i:11;s:10:\"03-11-2026\";i:9;s:10:\"03-12-2026\";i:4;s:10:\"03-13-2026\";i:5;s:10:\"03-14-2026\";i:6;s:10:\"03-15-2026\";i:4;s:10:\"03-16-2026\";i:7;s:10:\"03-17-2026\";i:3;s:10:\"03-18-2026\";i:3;s:10:\"03-19-2026\";i:4;s:10:\"03-20-2026\";i:10;s:10:\"03-21-2026\";i:7;s:10:\"03-22-2026\";i:4;s:10:\"03-23-2026\";i:3;s:10:\"03-24-2026\";i:5;s:10:\"03-25-2026\";i:8;s:10:\"03-26-2026\";i:8;s:10:\"03-27-2026\";i:1;s:10:\"03-28-2026\";i:7;s:10:\"03-29-2026\";i:4;s:10:\"03-30-2026\";i:1;s:10:\"03-31-2026\";i:6;s:10:\"04-01-2026\";i:2;s:10:\"04-02-2026\";i:7;s:10:\"04-03-2026\";i:3;s:10:\"04-04-2026\";i:2;s:10:\"04-05-2026\";i:1;s:10:\"04-06-2026\";i:6;s:10:\"04-07-2026\";i:3;s:10:\"04-09-2026\";i:10;s:10:\"04-10-2026\";i:4;s:10:\"04-11-2026\";i:1;s:10:\"04-12-2026\";i:3;s:10:\"04-13-2026\";i:8;s:10:\"04-14-2026\";i:4;s:10:\"04-15-2026\";i:2;s:10:\"04-16-2026\";i:2;s:10:\"04-17-2026\";i:5;s:10:\"04-18-2026\";i:3;s:10:\"04-19-2026\";i:4;s:10:\"04-20-2026\";i:8;s:10:\"04-21-2026\";i:3;s:10:\"04-22-2026\";i:4;s:10:\"04-23-2026\";i:4;s:10:\"04-24-2026\";i:4;s:10:\"04-25-2026\";i:6;s:10:\"04-26-2026\";i:5;s:10:\"04-27-2026\";i:8;s:10:\"04-28-2026\";i:1;}"],"houzez_recently_viewed":["2026-04-28 16:36:22"],"_trp_automatically_translated_slug_en_US":["exclusive-in-santa-ponca-bright-sea-view-apartment-directly-at-the-bay"],"_trp_automatically_translated_slug_es_ES":["exclusivo-en-santa-ponca-luminoso-piso-con-vistas-al-mar-directamente-en-la-bahia"],"fave_show_price_placeholder":["0"],"_aioseo_title":[null],"_aioseo_description":[null],"_aioseo_keywords":["a:0:{}"],"_aioseo_og_title":[null],"_aioseo_og_description":[null],"_aioseo_og_article_section":[""],"_aioseo_og_article_tags":["a:0:{}"],"_aioseo_twitter_title":[null],"_aioseo_twitter_description":[null],"_uf_disable_surveys":[""],"_seopress_redirections_type":["301"],"_seopress_redirections_logged_status":["both"],"_seopress_video":["a:1:{i:0;a:8:{s:3:\"url\";s:0:\"\";s:5:\"title\";s:0:\"\";s:4:\"desc\";s:0:\"\";s:9:\"thumbnail\";s:0:\"\";s:8:\"duration\";s:0:\"\";s:6:\"rating\";s:0:\"\";s:10:\"view_count\";s:0:\"\";s:3:\"tag\";s:0:\"\";}}"],"_seopress_analysis_target_kw":[""],"om_disable_all_campaigns":[""],"fave_property_images":["5190","5198","5191","5192","5193","5194","5195","5196","5197","5224","5208","5211","5212","5210","5209","5219","5220","5217","5216","5214","5215","5218","5207","5206","5205","5204","5203","5202","5201","5223","5200","5199","5213","5221","5222"],"_elementor_page_assets":["a:0:{}"]},"_links":{"self":[{"href":"https:\/\/claus-von-benz.com\/es\/wp-json\/wp\/v2\/properties\/5189","targetHints":{"allow":["GET"]}}],"collection":[{"href":"https:\/\/claus-von-benz.com\/es\/wp-json\/wp\/v2\/properties"}],"about":[{"href":"https:\/\/claus-von-benz.com\/es\/wp-json\/wp\/v2\/types\/property"}],"author":[{"embeddable":true,"href":"https:\/\/claus-von-benz.com\/es\/wp-json\/wp\/v2\/users\/2"}],"version-history":[{"count":4,"href":"https:\/\/claus-von-benz.com\/es\/wp-json\/wp\/v2\/properties\/5189\/revisions"}],"predecessor-version":[{"id":28249,"href":"https:\/\/claus-von-benz.com\/es\/wp-json\/wp\/v2\/properties\/5189\/revisions\/28249"}],"wp:featuredmedia":[{"embeddable":true,"href":"https:\/\/claus-von-benz.com\/es\/wp-json\/wp\/v2\/media\/5190"}],"wp:attachment":[{"href":"https:\/\/claus-von-benz.com\/es\/wp-json\/wp\/v2\/media?parent=5189"}],"wp:term":[{"taxonomy":"property_type","embeddable":true,"href":"https:\/\/claus-von-benz.com\/es\/wp-json\/wp\/v2\/property_type?post=5189"},{"taxonomy":"property_status","embeddable":true,"href":"https:\/\/claus-von-benz.com\/es\/wp-json\/wp\/v2\/property_status?post=5189"},{"taxonomy":"property_feature","embeddable":true,"href":"https:\/\/claus-von-benz.com\/es\/wp-json\/wp\/v2\/property_feature?post=5189"},{"taxonomy":"property_label","embeddable":true,"href":"https:\/\/claus-von-benz.com\/es\/wp-json\/wp\/v2\/property_label?post=5189"},{"taxonomy":"property_country","embeddable":true,"href":"https:\/\/claus-von-benz.com\/es\/wp-json\/wp\/v2\/property_country?post=5189"},{"taxonomy":"property_state","embeddable":true,"href":"https:\/\/claus-von-benz.com\/es\/wp-json\/wp\/v2\/property_state?post=5189"},{"taxonomy":"property_city","embeddable":true,"href":"https:\/\/claus-von-benz.com\/es\/wp-json\/wp\/v2\/property_city?post=5189"},{"taxonomy":"property_area","embeddable":true,"href":"https:\/\/claus-von-benz.com\/es\/wp-json\/wp\/v2\/property_area?post=5189"}],"curies":[{"name":"wp","href":"https:\/\/api.w.org\/{rel}","templated":true}]}}

Exclusivo en Santa Ponsa: Luminoso piso con vistas al mar directamente en la bahía

<p>Este bonito y luminoso piso con vistas al mar en 1ª línea de mar directamente en la bahía de Santa Ponça se encuentra en un bloque de pisos construido en 1966.</p>



<p>La propiedad tiene una superficie habitable de aprox. 86 m2 más 22 m2 de terraza con vistas al mar y está orientada al sur.</p>



<p>Al entrar en el piso, se accede primero a un amplio vestíbulo con guardarropa, desde el que se accede a todas las habitaciones. Hay un total de cuatro dormitorios (uno de los cuales es actualmente un trastero) y dos cuartos de baño.<br>La caldera de agua caliente y la lavadora están instaladas en el centro del piso.</p>



<p>Tres dormitorios están equipados cada uno con un armario empotrado y algunos tienen ventiladores de techo.<br>La cocina americana es completamente nueva y también ofrece espacio suficiente para cocinar y servir en sus días especiales.<br><br>Se ha instalado aire acondicionado (frío/calor) en el salón para que tenga una temperatura ambiente agradable en los meses de verano si desea permanecer en el interior. Las grandes ventanas de pie proporcionan la habitación con mucha luz natural y una maravillosa vista del mar y la bahía de Santa Ponsa.</p>



<p>La atractiva y amplia terraza (aprox. 22 m2) ofrece una vista impresionante del mar. Está equipada con una cristalera fija en el lado derecho y frontal izquierdo (en el primer tercio izquierdo). Todo lo demás está abierto.&nbsp; &nbsp;</p>



<p>Los propietarios tienen acceso privado a la playa y a sus instalaciones de restauración.&nbsp;</p>



<p>Se puede ocupar un aparcamiento fijo de alquiler situado a unos 300 m.</p>



<p>Si está interesado en esta propiedad, no dude en ponerse en contacto con nosotros.<br><br><strong>Certificado energético</strong><br>En curso Clase: E</p>



<p><strong>Ubicación</strong><br>Santa Ponca es un pueblo del suroeste de la isla balear de Mallorca y pertenece al municipio de Calvià. Está situado en torno a una bahía alargada rodeada de escarpados acantilados y cuenta con dos grandes playas de arena. Los aficionados a los deportes náuticos pueden practicar surf o esquí acuático. Hay varios campos de golf para los aficionados a este deporte.<br><br>Restaurantes, cafés y tiendas de recuerdos bordean la zona de playa, separada por una carretera costera. A pocos minutos a pie del centro hay un pintoresco puerto deportivo, y los barrios de villas de extranjeros y españoles adinerados se extienden a lo largo de las orillas norte y sur. También se han instalado aquí muchos alemanes.<br>La distancia a la capital de la isla, Palma, y al aeropuerto es de unos 20 kilómetros.</p>



<p><strong>PROPIEDADES</strong><br>Superficie habitable aprox. 86 m²<br>Superficie útil aprox. 108 m²<br>Terraza aprox. 22 m²<br>4 habitaciones<br>2 baños<br>Aparcamiento de alquiler permanente a unos 300 m </p>

<p>Este bonito y luminoso piso con vistas al mar en 1ª línea de mar directamente en la bahía de Santa Ponça se encuentra en un edificio de apartamentos de 1966. La propiedad tiene una superficie habitable de aprox. 86 m2 más 22 m2 de terraza con vistas al mar y está orientada al sur. Al entrar en el piso, se accede primero a un amplio vestíbulo con [...]</p>

Santa Ponça, Calvià, Serra de Tramuntana, Illes Balears, 07180, España
