{"id":4654,"date":"2023-11-10T15:35:30","date_gmt":"2023-11-10T15:35:30","guid":{"rendered":"https:\/\/clausvonbenz-03919201.wptestserver.de\/?post_type=property&#038;p=4654"},"modified":"2025-06-20T17:01:23","modified_gmt":"2025-06-20T17:01:23","slug":"rara-parcela-edificable-con-pintoresca-vista-lejana-e-impresionante-vista-al-mar","status":"publish","type":"property","link":"https:\/\/claus-von-benz.com\/es\/inmobiliaria-mallorca\/rara-parcela-edificable-con-pintoresca-vista-lejana-e-impresionante-vista-al-mar\/","title":{"rendered":"\u00a1Rara parcela edificable con pintorescas vistas lejanas e impresionantes vistas al mar!"},"content":{"rendered":"<p>La propiedad se encuentra a unos 2 minutos del pueblo de Ses Salines. Ses Salines es la peque\u00f1a perla virgen en el sureste de Mallorca. Si Santanyi se ha convertido en demasiado tur\u00edstico para usted y usted prefiere las cosas un poco m\u00e1s tranquilo, a continuaci\u00f3n, Ses Salines es el lugar para usted.<br>La playa natural de Es Trenc (repetidamente reconocida como una de las m\u00e1s bellas del mundo) est\u00e1 a unos 10 minutos en coche. All\u00ed se ha conservado la vida del pueblo. En los \u00faltimos a\u00f1os, uno o dos de los mejores restaurantes del este de la isla se han instalado all\u00ed. Tambi\u00e9n hay todo lo necesario para la vida cotidiana. Desde el supermercado hasta la farmacia.<\/p>\n\n\n\n<p><strong>LOS HECHOS<\/strong><br>Licencia de obras: a\u00fan sin proyecto<br>Tama\u00f1o: 14.915 m\u00b2<br>Agua: situada en la propiedad<br>Electricidad: Municipal o solar<br>Sistema de alcantarillado: fosa s\u00e9ptica de 4 c\u00e1maras<br>Acceso: muy buen acceso (sin asfalto, pero con una superficie muy dura)<br>Distancia al pueblo de Ses Salines: aprox. 2 minutos en bicicleta<\/p>","protected":false},"excerpt":{"rendered":"<p>La propiedad se encuentra a unos 2 minutos del pueblo de Ses Salines. Ses Salines es la peque\u00f1a perla virgen en el sureste de Mallorca. Si Santanyi se ha vuelto demasiado tur\u00edstico para usted y lo prefiere un poco m\u00e1s tranquilo, venga a Ses Salines, donde la playa natural Es Trenc (varias veces galardonada como una de las playas m\u00e1s bellas del mundo) se encuentra a unos 10 minutos [...]<\/p>","protected":false},"author":2,"featured_media":4698,"parent":0,"menu_order":0,"template":"","property_type":[142],"property_status":[],"property_feature":[],"property_label":[148],"property_country":[65],"property_state":[66],"property_city":[156],"property_area":[157],"class_list":["post-4654","property","type-property","status-publish","has-post-thumbnail","hentry","property_type-grundstueck-kaufen-mallorca","property_label-verkauft","property_country-spanien","property_state-mallorca","property_city-ses-salines","property_area-suedosten"],"property_meta":{"_edit_lock":["1750438883:2"],"_edit_last":["2"],"fave_property_map":["1"],"fave_property_location":["39.338811578574,3.0533409118652,14"],"houzez_geolocation_lat":["39.338811578574"],"houzez_geolocation_long":["3.0533409118652"],"fave_property_map_street_view":["show"],"fave_featured":["1"],"houzez_featured_listing_date":["2023-11-10 16:19:01"],"fave_loggedintoview":["0"],"fave_agent_display_option":["agent_info"],"fave_prop_homeslider":["no"],"fave_single_top_area":["global"],"fave_single_content_area":["global"],"_seopress_redirections_type":["301"],"_seopress_redirections_logged_status":["both"],"_seopress_analysis_target_kw":[""],"houzez_manual_expire":["0"],"_houzez_expiration_date_status":["saved"],"houzez_total_property_views":["1241"],"houzez_views_by_date":["a:61:{s:10:\"03-01-2026\";i:4;s:10:\"03-02-2026\";i:20;s:10:\"03-03-2026\";i:5;s:10:\"03-04-2026\";i:5;s:10:\"03-05-2026\";i:4;s:10:\"03-06-2026\";i:8;s:10:\"03-07-2026\";i:2;s:10:\"03-08-2026\";i:3;s:10:\"03-10-2026\";i:7;s:10:\"03-11-2026\";i:7;s:10:\"03-12-2026\";i:3;s:10:\"03-13-2026\";i:5;s:10:\"03-14-2026\";i:3;s:10:\"03-15-2026\";i:3;s:10:\"03-16-2026\";i:6;s:10:\"03-17-2026\";i:3;s:10:\"03-18-2026\";i:6;s:10:\"03-19-2026\";i:5;s:10:\"03-20-2026\";i:8;s:10:\"03-21-2026\";i:5;s:10:\"03-22-2026\";i:4;s:10:\"03-23-2026\";i:3;s:10:\"03-24-2026\";i:13;s:10:\"03-25-2026\";i:9;s:10:\"03-26-2026\";i:10;s:10:\"03-27-2026\";i:4;s:10:\"03-28-2026\";i:8;s:10:\"03-29-2026\";i:1;s:10:\"03-30-2026\";i:2;s:10:\"03-31-2026\";i:3;s:10:\"04-01-2026\";i:4;s:10:\"04-02-2026\";i:8;s:10:\"04-04-2026\";i:3;s:10:\"04-05-2026\";i:1;s:10:\"04-06-2026\";i:3;s:10:\"04-07-2026\";i:2;s:10:\"04-08-2026\";i:2;s:10:\"04-09-2026\";i:1;s:10:\"04-10-2026\";i:4;s:10:\"04-12-2026\";i:3;s:10:\"04-13-2026\";i:1;s:10:\"04-14-2026\";i:3;s:10:\"04-15-2026\";i:1;s:10:\"04-16-2026\";i:1;s:10:\"04-17-2026\";i:2;s:10:\"04-18-2026\";i:9;s:10:\"04-19-2026\";i:6;s:10:\"04-20-2026\";i:4;s:10:\"04-21-2026\";i:3;s:10:\"04-22-2026\";i:1;s:10:\"04-23-2026\";i:2;s:10:\"04-24-2026\";i:3;s:10:\"04-25-2026\";i:5;s:10:\"04-26-2026\";i:8;s:10:\"04-27-2026\";i:3;s:10:\"04-28-2026\";i:2;s:10:\"04-29-2026\";i:5;s:10:\"04-30-2026\";i:2;s:10:\"05-01-2026\";i:8;s:10:\"05-02-2026\";i:5;s:10:\"05-03-2026\";i:3;}"],"houzez_recently_viewed":["2026-05-03 10:59:02"],"_thumbnail_id":["4698"],"fave_property_price":["1100000"],"fave_property_land":["14.915"],"fave_property_id":["CVB-8003"],"fave_property_map_address":["Ses Salines"],"fave_agents":["158"],"additional_features":["a:6:{i:0;a:2:{s:29:\"fave_additional_feature_title\";s:6:\"Wasser\";s:29:\"fave_additional_feature_value\";s:20:\"liegt am Grundst\u00fcck\";}i:1;a:2:{s:29:\"fave_additional_feature_title\";s:5:\"Strom\";s:29:\"fave_additional_feature_value\";s:19:\"Gemeinde oder Solar\";}i:2;a:2:{s:29:\"fave_additional_feature_title\";s:12:\"Kanalisation\";s:29:\"fave_additional_feature_value\";s:19:\"4 Kammer-Kl\u00e4rgrube\";}i:3;a:2:{s:29:\"fave_additional_feature_title\";s:14:\"Baugenehmigung\";s:29:\"fave_additional_feature_value\";s:17:\"noch ohne Planung\";}i:4;a:2:{s:29:\"fave_additional_feature_title\";s:31:\"Entfernung zum Dorf Ses Salines\";s:29:\"fave_additional_feature_value\";s:22:\"ca. 2 Min. mit dem Rad\";}i:5;a:2:{s:29:\"fave_additional_feature_title\";s:7:\"Zufahrt\";s:29:\"fave_additional_feature_value\";s:61:\"sehr gute Zufahrt (kein Asphalt, aber sehr harter Untergrund)\";}}"],"_trp_automatically_translated_slug_en_US":["rare-building-plot-with-picturesque-distant-view-and-breathtaking-sea-view"],"_trp_automatically_translated_slug_es_ES":["rara-parcela-edificable-con-pintoresca-vista-lejana-e-impresionante-vista-al-mar"],"fave_show_price_placeholder":["0"],"fave_property_images":["4698","4699","4700","4701"],"_uf_disable_surveys":[""],"_seopress_video":["a:1:{i:0;a:8:{s:3:\"url\";s:0:\"\";s:5:\"title\";s:0:\"\";s:4:\"desc\";s:0:\"\";s:9:\"thumbnail\";s:0:\"\";s:8:\"duration\";s:0:\"\";s:6:\"rating\";s:0:\"\";s:10:\"view_count\";s:0:\"\";s:3:\"tag\";s:0:\"\";}}"],"om_disable_all_campaigns":[""],"rs_page_bg_color":[""],"_elementor_page_assets":["a:0:{}"]},"_links":{"self":[{"href":"https:\/\/claus-von-benz.com\/es\/wp-json\/wp\/v2\/properties\/4654","targetHints":{"allow":["GET"]}}],"collection":[{"href":"https:\/\/claus-von-benz.com\/es\/wp-json\/wp\/v2\/properties"}],"about":[{"href":"https:\/\/claus-von-benz.com\/es\/wp-json\/wp\/v2\/types\/property"}],"author":[{"embeddable":true,"href":"https:\/\/claus-von-benz.com\/es\/wp-json\/wp\/v2\/users\/2"}],"version-history":[{"count":4,"href":"https:\/\/claus-von-benz.com\/es\/wp-json\/wp\/v2\/properties\/4654\/revisions"}],"predecessor-version":[{"id":5078,"href":"https:\/\/claus-von-benz.com\/es\/wp-json\/wp\/v2\/properties\/4654\/revisions\/5078"}],"wp:featuredmedia":[{"embeddable":true,"href":"https:\/\/claus-von-benz.com\/es\/wp-json\/wp\/v2\/media\/4698"}],"wp:attachment":[{"href":"https:\/\/claus-von-benz.com\/es\/wp-json\/wp\/v2\/media?parent=4654"}],"wp:term":[{"taxonomy":"property_type","embeddable":true,"href":"https:\/\/claus-von-benz.com\/es\/wp-json\/wp\/v2\/property_type?post=4654"},{"taxonomy":"property_status","embeddable":true,"href":"https:\/\/claus-von-benz.com\/es\/wp-json\/wp\/v2\/property_status?post=4654"},{"taxonomy":"property_feature","embeddable":true,"href":"https:\/\/claus-von-benz.com\/es\/wp-json\/wp\/v2\/property_feature?post=4654"},{"taxonomy":"property_label","embeddable":true,"href":"https:\/\/claus-von-benz.com\/es\/wp-json\/wp\/v2\/property_label?post=4654"},{"taxonomy":"property_country","embeddable":true,"href":"https:\/\/claus-von-benz.com\/es\/wp-json\/wp\/v2\/property_country?post=4654"},{"taxonomy":"property_state","embeddable":true,"href":"https:\/\/claus-von-benz.com\/es\/wp-json\/wp\/v2\/property_state?post=4654"},{"taxonomy":"property_city","embeddable":true,"href":"https:\/\/claus-von-benz.com\/es\/wp-json\/wp\/v2\/property_city?post=4654"},{"taxonomy":"property_area","embeddable":true,"href":"https:\/\/claus-von-benz.com\/es\/wp-json\/wp\/v2\/property_area?post=4654"}],"curies":[{"name":"wp","href":"https:\/\/api.w.org\/{rel}","templated":true}]}}

<p>La propiedad se encuentra a unos 2 minutos del pueblo de Ses Salines. Ses Salines es la pequeña perla virgen en el sureste de Mallorca. Si Santanyi se ha convertido en demasiado turístico para usted y usted prefiere las cosas un poco más tranquilo, a continuación, Ses Salines es el lugar para usted.<br>La playa natural de Es Trenc (repetidamente reconocida como una de las más bellas del mundo) está a unos 10 minutos en coche. Allí se ha conservado la vida del pueblo. En los últimos años, uno o dos de los mejores restaurantes del este de la isla se han instalado allí. También hay todo lo necesario para la vida cotidiana. Desde el supermercado hasta la farmacia.</p>



<p><strong>LOS HECHOS</strong><br>Licencia de obras: aún sin proyecto<br>Tamaño: 14.915 m²<br>Agua: situada en la propiedad<br>Electricidad: Municipal o solar<br>Sistema de alcantarillado: fosa séptica de 4 cámaras<br>Acceso: muy buen acceso (sin asfalto, pero con una superficie muy dura)<br>Distancia al pueblo de Ses Salines: aprox. 2 minutos en bicicleta</p>

<p>La propiedad se encuentra a unos 2 minutos del pueblo de Ses Salines. Ses Salines es la pequeña perla virgen en el sureste de Mallorca. Si Santanyi se ha vuelto demasiado turístico para usted y lo prefiere un poco más tranquilo, venga a Ses Salines, donde la playa natural Es Trenc (varias veces galardonada como una de las playas más bellas del mundo) se encuentra a unos 10 minutos [...]</p>

a:6:{i:0;a:2:{s:29:"fave_additional_feature_title";s:6:"Wasser";s:29:"fave_additional_feature_value";s:20:"liegt am Grundstück";}i:1;a:2:{s:29:"fave_additional_feature_title";s:5:"Strom";s:29:"fave_additional_feature_value";s:19:"Gemeinde oder Solar";}i:2;a:2:{s:29:"fave_additional_feature_title";s:12:"Kanalisation";s:29:"fave_additional_feature_value";s:19:"4 Kammer-Klärgrube";}i:3;a:2:{s:29:"fave_additional_feature_title";s:14:"Baugenehmigung";s:29:"fave_additional_feature_value";s:17:"noch ohne Planung";}i:4;a:2:{s:29:"fave_additional_feature_title";s:31:"Entfernung zum Dorf Ses Salines";s:29:"fave_additional_feature_value";s:22:"ca. 2 Min. mit dem Rad";}i:5;a:2:{s:29:"fave_additional_feature_title";s:7:"Zufahrt";s:29:"fave_additional_feature_value";s:61:"sehr gute Zufahrt (kein Asphalt, aber sehr harter Untergrund)";}}
