{"id":4308,"date":"2023-11-05T14:12:17","date_gmt":"2023-11-05T14:12:17","guid":{"rendered":"https:\/\/clausvonbenz-03919201.wptestserver.de\/?post_type=property&#038;p=4308"},"modified":"2025-06-20T17:02:41","modified_gmt":"2025-06-20T17:02:41","slug":"finca-confidencial-con-piscina-infinita-edificio-adyacente-y-licencia-de-alquiler-en-vigor-2","status":"publish","type":"property","link":"https:\/\/claus-von-benz.com\/es\/inmobiliaria-mallorca\/finca-confidencial-con-piscina-infinita-edificio-adyacente-y-licencia-de-alquiler-en-vigor-2\/","title":{"rendered":"Porreres: Finca de ensue\u00f1o con piscina desbordante, dependencia y licencia de alquiler vacacional ETV en vigor (6 plazas)"},"content":{"rendered":"<p>Situada en un lugar absolutamente tranquilo, lejos del ruido de los aviones y otros ajetreos, a s\u00f3lo 20 minutos del aeropuerto, esta finca de ensue\u00f1o con sus impresionantes vistas a las monta\u00f1as y su piscina infinita ya est\u00e1 esperando a sus nuevos propietarios.<\/p>\n<p>Construida en 2 niveles, la planta superior cuenta con un acogedor y amplio sal\u00f3n con cocina americana, un cuarto de ba\u00f1o con ducha y un trastero (actualmente utilizado como vestidor). Desde all\u00ed, hay 2 accesos laterales a la zona exterior, as\u00ed como una escalera interior a la zona de dormitorio en la planta baja. Un invernadero con una vista id\u00edlica de la naturaleza ofrece el espacio perfecto para comidas extensas y acogedoras o tambi\u00e9n se puede utilizar como una oficina en casa o sala de relajaci\u00f3n, por ejemplo.<\/p>\n<p>La zona de noche de la planta baja consta de 3 dormitorios dobles, cada uno con un altillo (por ejemplo, para escritorio, zona de dormitorio u otro espacio de almacenamiento) y 1 cuarto de ba\u00f1o con ducha y ba\u00f1era de hidromasaje. Dos de los dormitorios tienen puertas de PVC con doble acristalamiento que dan acceso directo al exterior. Desde el cuarto de ba\u00f1o y uno de los dormitorios se accede directamente a la terraza trasera, al jard\u00edn y a la piscina con su zona chill-out exterior.<\/p>\n<p>Debajo del sal\u00f3n hay una atractiva zona de s\u00f3tano con grandes puertas correderas de cristal, que actualmente se utiliza como espacioso trastero.<\/p>\n<p>La terraza de la azotea ofrece una maravillosa vista de las hermosas monta\u00f1as de nuestra isla: \u00a1Randa, Sant Salvador y la Tramuntana!<\/p>\n<p>La dependencia existente podr\u00eda utilizarse como garaje o para fines agr\u00edcolas, por ejemplo.<\/p>\n<p>C\u00e9dula de habitabilidad y licencia de alquiler vacacional ETV en vigor.<\/p>\n<p><strong>PROPIEDADES<\/strong><\/p>\n<ul>\n<li>Parcela: 14.400 m\u00b2<\/li>\n<li>Superficie habitable: 275 m\u00b2<\/li>\n<li>Superficie \u00fatil: 242 m\u00b2<\/li>\n<li>Superficie construida: 416 m\u00b2 (361 m\u00e1s piscina 55 m\u00b2)<\/li>\n<li>Jard\u00edn de invierno: 25 m\u00b2<\/li>\n<li>Cobertizo: 40 m\u00b2<\/li>\n<li>Piscina: 55 m\u00b2<\/li>\n<li>A\u00f1o de construcci\u00f3n: 2013<\/li>\n<li>Buen estado<\/li>\n<li>8-10 cm paredes exteriores y tejado<\/li>\n<li>Calefacci\u00f3n por suelo radiante mediante sistema solar de 24 V o bombonas de gas o estufa de le\u00f1a de agua.<\/li>\n<li>Aire acondicionado fr\u00edo\/calor: no es necesario (pero la refrigeraci\u00f3n tambi\u00e9n es posible mediante calefacci\u00f3n por suelo radiante)<\/li>\n<li>Electricidad y agua caliente: Sistema solar de 24 voltios (12 x 2V)<\/li>\n<li>Suministro de agua: mediante cami\u00f3n (entregas de 9.000 litros a 55 euros cada una)<\/li>\n<li>Dep\u00f3sito de agua: 60.000 litros de capacidad<\/li>\n<li>Ventanas: Doble acristalamiento con persianas mallorquinas<\/li>\n<li>Tipo de suelo: Baldosa<\/li>\n<li>Certificado energ\u00e9tico: Clase A<\/li>\n<li>Vistas: a la naturaleza y a las monta\u00f1as<\/li>\n<li>Distancia al mar: 20 minutos en coche<\/li>\n<li>Impuesto anual sobre bienes inmuebles y residuos: 956 EUR y 360 EUR<\/li>\n<\/ul>\n<p>La finca est\u00e1 amueblada y decorada con innumerables detalles cari\u00f1osos que le dan a esta casa mucha calidez. Se vende con la mayor parte del mobiliario.<br \/>\nLa playa m\u00e1s cercana est\u00e1 a unos 20 minutos en coche. Los comercios y los mercados semanales tambi\u00e9n se encuentran a unos 5-10 minutos.<\/p>\n<p><strong>SIN COMISIONES PARA EL COMPRADOR.<\/strong><\/p>\n<p><em>Toda la informaci\u00f3n proviene de los vendedores. Sujeto a alteraciones, errores y venta previa.<\/em><\/p>","protected":false},"excerpt":{"rendered":"<p>Situada en un lugar absolutamente tranquilo, lejos del ruido de los aviones y otros ajetreos, a s\u00f3lo 20 minutos del aeropuerto, esta finca de ensue\u00f1o con sus impresionantes vistas a las monta\u00f1as y su piscina infinita ya est\u00e1 deseando dar la bienvenida a sus nuevos propietarios. Construida en 2 niveles, la planta superior cuenta con un acogedor y amplio sal\u00f3n con cocina americana, un ba\u00f1o con ducha y [...]<\/p>","protected":false},"author":2,"featured_media":5637,"parent":0,"menu_order":0,"template":"","property_type":[139],"property_status":[154],"property_feature":[128,136,129,123,86,78,125,153],"property_label":[148],"property_country":[65],"property_state":[66],"property_city":[152],"property_area":[115],"class_list":["post-4308","property","type-property","status-publish","has-post-thumbnail","hentry","property_type-finca-kaufen-mallorca","property_status-vermietungslizenz","property_feature-fussbodenheizung","property_feature-garten","property_feature-infinity-pool","property_feature-kamin","property_feature-kellerraum","property_feature-klimaanlage","property_feature-panoramablick","property_feature-vermietungslizenz","property_label-verkauft","property_country-spanien","property_state-mallorca","property_city-porreres","property_area-sueden"],"property_meta":{"houzez_total_property_views":["3506"],"houzez_views_by_date":["a:61:{s:10:\"02-26-2026\";i:6;s:10:\"02-27-2026\";i:3;s:10:\"02-28-2026\";i:2;s:10:\"03-01-2026\";i:3;s:10:\"03-02-2026\";i:9;s:10:\"03-03-2026\";i:5;s:10:\"03-05-2026\";i:7;s:10:\"03-06-2026\";i:4;s:10:\"03-07-2026\";i:1;s:10:\"03-08-2026\";i:1;s:10:\"03-09-2026\";i:6;s:10:\"03-10-2026\";i:8;s:10:\"03-11-2026\";i:9;s:10:\"03-12-2026\";i:5;s:10:\"03-13-2026\";i:8;s:10:\"03-14-2026\";i:3;s:10:\"03-15-2026\";i:3;s:10:\"03-16-2026\";i:9;s:10:\"03-17-2026\";i:4;s:10:\"03-18-2026\";i:3;s:10:\"03-19-2026\";i:8;s:10:\"03-20-2026\";i:10;s:10:\"03-21-2026\";i:4;s:10:\"03-22-2026\";i:4;s:10:\"03-23-2026\";i:5;s:10:\"03-24-2026\";i:4;s:10:\"03-25-2026\";i:8;s:10:\"03-26-2026\";i:6;s:10:\"03-27-2026\";i:2;s:10:\"03-28-2026\";i:3;s:10:\"03-29-2026\";i:2;s:10:\"03-30-2026\";i:1;s:10:\"03-31-2026\";i:3;s:10:\"04-01-2026\";i:8;s:10:\"04-02-2026\";i:8;s:10:\"04-03-2026\";i:2;s:10:\"04-04-2026\";i:4;s:10:\"04-06-2026\";i:3;s:10:\"04-07-2026\";i:5;s:10:\"04-08-2026\";i:3;s:10:\"04-09-2026\";i:10;s:10:\"04-10-2026\";i:3;s:10:\"04-11-2026\";i:2;s:10:\"04-12-2026\";i:2;s:10:\"04-14-2026\";i:4;s:10:\"04-15-2026\";i:1;s:10:\"04-16-2026\";i:1;s:10:\"04-17-2026\";i:2;s:10:\"04-18-2026\";i:4;s:10:\"04-19-2026\";i:8;s:10:\"04-20-2026\";i:3;s:10:\"04-21-2026\";i:2;s:10:\"04-22-2026\";i:4;s:10:\"04-23-2026\";i:2;s:10:\"04-24-2026\";i:3;s:10:\"04-25-2026\";i:6;s:10:\"04-26-2026\";i:7;s:10:\"04-27-2026\";i:2;s:10:\"04-28-2026\";i:4;s:10:\"04-29-2026\";i:4;s:10:\"04-30-2026\";i:2;}"],"houzez_recently_viewed":["2026-04-30 13:06:45"],"houzez_geolocation_lat":["39.514913878807"],"houzez_geolocation_long":["3.023160013208"],"_dp_original":["425"],"fave_property_map_street_view":["show"],"fave_payment_status":["not_paid"],"fave_featured":["0"],"houzez_featured_listing_date":[""],"fave_floor_plans_enable":["enable"],"fave_multiunit_plans_enable":["disable"],"fave_property_size":["275"],"fave_property_size_prefix":["Wohnfl\u00e4che"],"fave_property_bedrooms":["3"],"fave_property_bathrooms":["3"],"fave_property_id":["CVB-2002VL"],"fave_property_map":["1"],"fave_property_location":["39.514913878807,3.023160013208,14"],"fave_property_country":["US"],"fave_agents":["158"],"fave_additional_features_enable":["enable"],"additional_features":["a:4:{i:0;a:2:{s:29:\"fave_additional_feature_title\";s:12:\"Wintergarten\";s:29:\"fave_additional_feature_value\";s:6:\"25 m\u00b2\";}i:1;a:2:{s:29:\"fave_additional_feature_title\";s:12:\"Pool Gr\u00f6\u00dfe\";s:29:\"fave_additional_feature_value\";s:6:\"55 m\u00b2\";}i:2;a:2:{s:29:\"fave_additional_feature_title\";s:8:\"Schuppen\";s:29:\"fave_additional_feature_value\";s:6:\"40 m\u00b2\";}i:3;a:2:{s:29:\"fave_additional_feature_title\";s:7:\"Heizung\";s:29:\"fave_additional_feature_value\";s:96:\"Fussbodenheizung \u00fcber entweder Solaranlage 24V oder Gasflaschen oder wasserf\u00fchrenden Holzkamin\";}}"],"_vc_post_settings":["a:1:{s:10:\"vc_grid_id\";a:0:{}}"],"fave_property_price":["997000"],"fave_agent_display_option":["agent_info"],"_edit_lock":["1750438961:2"],"_edit_last":["2"],"fave_property_land":["14.400"],"fave_property_land_postfix":["m\u00b2"],"fave_single_top_area":["v5"],"fave_single_content_area":["boxed"],"_seopress_redirections_type":["301"],"_seopress_redirections_logged_status":["both"],"houzez_manual_expire":["0"],"_houzez_expiration_date_status":["saved"],"fave_property_map_address":["Porreres"],"fave_property_year":["2013"],"fave_property_address":["Porreres"],"_seopress_analysis_target_kw":[""],"fave_property_sec_price":["1200000"],"fave_property_price_postfix":["alter Preis"],"_trp_automatically_translated_slug_es_ES":["finca-confidencial-con-piscina-infinita-edificio-adyacente-y-licencia-de-alquiler-en-vigor-2"],"_trp_automatically_translated_slug_en_US":["confidential-finca-with-infinity-pool-adjacent-building-and-valid-rental-license"],"_seopress_video":["a:1:{i:0;a:8:{s:3:\"url\";s:0:\"\";s:5:\"title\";s:0:\"\";s:4:\"desc\";s:0:\"\";s:9:\"thumbnail\";s:0:\"\";s:8:\"duration\";s:0:\"\";s:6:\"rating\";s:0:\"\";s:10:\"view_count\";s:0:\"\";s:3:\"tag\";s:0:\"\";}}"],"_thumbnail_id":["5637"],"fave_show_price_placeholder":["0"],"_uf_disable_surveys":[""],"om_disable_all_campaigns":[""],"fave_property_images":["5637","4819","4818","4817","4815","4816","4350","4812","4345","4341","4811","4813","4354","4346","4333","4334","4336","4328","4329","4331","4330","4338","4325","4324","4323","4322","4321","4320","4319","4318","4317","5566","5567","4316","4315","4344","4342"],"rs_page_bg_color":[""],"_elementor_page_assets":["a:0:{}"]},"_links":{"self":[{"href":"https:\/\/claus-von-benz.com\/es\/wp-json\/wp\/v2\/properties\/4308","targetHints":{"allow":["GET"]}}],"collection":[{"href":"https:\/\/claus-von-benz.com\/es\/wp-json\/wp\/v2\/properties"}],"about":[{"href":"https:\/\/claus-von-benz.com\/es\/wp-json\/wp\/v2\/types\/property"}],"author":[{"embeddable":true,"href":"https:\/\/claus-von-benz.com\/es\/wp-json\/wp\/v2\/users\/2"}],"version-history":[{"count":7,"href":"https:\/\/claus-von-benz.com\/es\/wp-json\/wp\/v2\/properties\/4308\/revisions"}],"predecessor-version":[{"id":5636,"href":"https:\/\/claus-von-benz.com\/es\/wp-json\/wp\/v2\/properties\/4308\/revisions\/5636"}],"wp:featuredmedia":[{"embeddable":true,"href":"https:\/\/claus-von-benz.com\/es\/wp-json\/wp\/v2\/media\/5637"}],"wp:attachment":[{"href":"https:\/\/claus-von-benz.com\/es\/wp-json\/wp\/v2\/media?parent=4308"}],"wp:term":[{"taxonomy":"property_type","embeddable":true,"href":"https:\/\/claus-von-benz.com\/es\/wp-json\/wp\/v2\/property_type?post=4308"},{"taxonomy":"property_status","embeddable":true,"href":"https:\/\/claus-von-benz.com\/es\/wp-json\/wp\/v2\/property_status?post=4308"},{"taxonomy":"property_feature","embeddable":true,"href":"https:\/\/claus-von-benz.com\/es\/wp-json\/wp\/v2\/property_feature?post=4308"},{"taxonomy":"property_label","embeddable":true,"href":"https:\/\/claus-von-benz.com\/es\/wp-json\/wp\/v2\/property_label?post=4308"},{"taxonomy":"property_country","embeddable":true,"href":"https:\/\/claus-von-benz.com\/es\/wp-json\/wp\/v2\/property_country?post=4308"},{"taxonomy":"property_state","embeddable":true,"href":"https:\/\/claus-von-benz.com\/es\/wp-json\/wp\/v2\/property_state?post=4308"},{"taxonomy":"property_city","embeddable":true,"href":"https:\/\/claus-von-benz.com\/es\/wp-json\/wp\/v2\/property_city?post=4308"},{"taxonomy":"property_area","embeddable":true,"href":"https:\/\/claus-von-benz.com\/es\/wp-json\/wp\/v2\/property_area?post=4308"}],"curies":[{"name":"wp","href":"https:\/\/api.w.org\/{rel}","templated":true}]}}

Porreres: Finca de ensueño con piscina desbordante, dependencia y licencia de alquiler vacacional ETV en vigor (6 plazas)

<p>Situada en un lugar absolutamente tranquilo, lejos del ruido de los aviones y otros ajetreos, a sólo 20 minutos del aeropuerto, esta finca de ensueño con sus impresionantes vistas a las montañas y su piscina infinita ya está esperando a sus nuevos propietarios.</p>
<p>Construida en 2 niveles, la planta superior cuenta con un acogedor y amplio salón con cocina americana, un cuarto de baño con ducha y un trastero (actualmente utilizado como vestidor). Desde allí, hay 2 accesos laterales a la zona exterior, así como una escalera interior a la zona de dormitorio en la planta baja. Un invernadero con una vista idílica de la naturaleza ofrece el espacio perfecto para comidas extensas y acogedoras o también se puede utilizar como una oficina en casa o sala de relajación, por ejemplo.</p>
<p>La zona de noche de la planta baja consta de 3 dormitorios dobles, cada uno con un altillo (por ejemplo, para escritorio, zona de dormitorio u otro espacio de almacenamiento) y 1 cuarto de baño con ducha y bañera de hidromasaje. Dos de los dormitorios tienen puertas de PVC con doble acristalamiento que dan acceso directo al exterior. Desde el cuarto de baño y uno de los dormitorios se accede directamente a la terraza trasera, al jardín y a la piscina con su zona chill-out exterior.</p>
<p>Debajo del salón hay una atractiva zona de sótano con grandes puertas correderas de cristal, que actualmente se utiliza como espacioso trastero.</p>
<p>La terraza de la azotea ofrece una maravillosa vista de las hermosas montañas de nuestra isla: ¡Randa, Sant Salvador y la Tramuntana!</p>
<p>La dependencia existente podría utilizarse como garaje o para fines agrícolas, por ejemplo.</p>
<p>Cédula de habitabilidad y licencia de alquiler vacacional ETV en vigor.</p>
<p><strong>PROPIEDADES</strong></p>
<ul>
<li>Parcela: 14.400 m²</li>
<li>Superficie habitable: 275 m²</li>
<li>Superficie útil: 242 m²</li>
<li>Superficie construida: 416 m² (361 más piscina 55 m²)</li>
<li>Jardín de invierno: 25 m²</li>
<li>Cobertizo: 40 m²</li>
<li>Piscina: 55 m²</li>
<li>Año de construcción: 2013</li>
<li>Buen estado</li>
<li>8-10 cm paredes exteriores y tejado</li>
<li>Calefacción por suelo radiante mediante sistema solar de 24 V o bombonas de gas o estufa de leña de agua.</li>
<li>Aire acondicionado frío/calor: no es necesario (pero la refrigeración también es posible mediante calefacción por suelo radiante)</li>
<li>Electricidad y agua caliente: Sistema solar de 24 voltios (12 x 2V)</li>
<li>Suministro de agua: mediante camión (entregas de 9.000 litros a 55 euros cada una)</li>
<li>Depósito de agua: 60.000 litros de capacidad</li>
<li>Ventanas: Doble acristalamiento con persianas mallorquinas</li>
<li>Tipo de suelo: Baldosa</li>
<li>Certificado energético: Clase A</li>
<li>Vistas: a la naturaleza y a las montañas</li>
<li>Distancia al mar: 20 minutos en coche</li>
<li>Impuesto anual sobre bienes inmuebles y residuos: 956 EUR y 360 EUR</li>
</ul>
<p>La finca está amueblada y decorada con innumerables detalles cariñosos que le dan a esta casa mucha calidez. Se vende con la mayor parte del mobiliario.<br />
La playa más cercana está a unos 20 minutos en coche. Los comercios y los mercados semanales también se encuentran a unos 5-10 minutos.</p>
<p><strong>SIN COMISIONES PARA EL COMPRADOR.</strong></p>
<p><em>Toda la información proviene de los vendedores. Sujeto a alteraciones, errores y venta previa.</em></p>

<p>Situada en un lugar absolutamente tranquilo, lejos del ruido de los aviones y otros ajetreos, a sólo 20 minutos del aeropuerto, esta finca de ensueño con sus impresionantes vistas a las montañas y su piscina infinita ya está deseando dar la bienvenida a sus nuevos propietarios. Construida en 2 niveles, la planta superior cuenta con un acogedor y amplio salón con cocina americana, un baño con ducha y [...]</p>

Wohnfläche

a:4:{i:0;a:2:{s:29:"fave_additional_feature_title";s:12:"Wintergarten";s:29:"fave_additional_feature_value";s:6:"25 m²";}i:1;a:2:{s:29:"fave_additional_feature_title";s:12:"Pool Größe";s:29:"fave_additional_feature_value";s:6:"55 m²";}i:2;a:2:{s:29:"fave_additional_feature_title";s:8:"Schuppen";s:29:"fave_additional_feature_value";s:6:"40 m²";}i:3;a:2:{s:29:"fave_additional_feature_title";s:7:"Heizung";s:29:"fave_additional_feature_value";s:96:"Fussbodenheizung über entweder Solaranlage 24V oder Gasflaschen oder wasserführenden Holzkamin";}}
