{"id":29311,"date":"2026-02-17T15:45:00","date_gmt":"2026-02-17T15:45:00","guid":{"rendered":"https:\/\/claus-von-benz.com\/?post_type=property&#038;p=29311"},"modified":"2026-04-16T14:29:31","modified_gmt":"2026-04-16T14:29:31","slug":"llucmajor-adosado-de-lujo-con-piscina-y-azotea","status":"publish","type":"property","link":"https:\/\/claus-von-benz.com\/es\/inmobiliaria-mallorca\/llucmajor-adosado-de-lujo-con-piscina-y-azotea\/","title":{"rendered":"LLUCMAJOR: Exclusivo adosado con piscina y azotea en el centro de la ciudad"},"content":{"rendered":"<p>A pocos minutos a pie de la encantadora plaza del mercado, esta casa de pueblo de lujo, que fue ampliamente renovada en 2021\/2022 con los m\u00e1s altos est\u00e1ndares de calidad, se presenta como un atractivo hogar en el centro hist\u00f3rico de Llucmajor. El car\u00e1cter mallorqu\u00edn original se ha conservado con gran sensibilidad: hermosos elementos decorativos antiguos, detalles tradicionales y vigas de madera a la vista en los techos confieren a la propiedad un ambiente c\u00e1lido y aut\u00e9ntico - armoniosamente combinado con el confort de vida m\u00e1s moderno.<\/p>\n\n\n\n<p><strong>Planta baja: vivir al m\u00e1s alto nivel<\/strong><\/p>\n\n\n\n<p>Una acogedora zona de entrada le da la bienvenida a un espacio habitable de aproximadamente 143 m\u00b2 m\u00e1s una veranda de 6 m\u00b2. Un dormitorio, un elegante cuarto de ba\u00f1o y un aseo completan este nivel. La pieza central es la espaciosa cocina-comedor abierta con chimenea, que impresiona por su amplitud y luminosidad. Desde aqu\u00ed se accede directamente a la zona exterior, dise\u00f1ada con esmero, con terraza, piscina de 4 x 2 metros (160 cm de profundidad) y un pr\u00e1ctico trastero: un refugio privado para relajarse bajo el sol mediterr\u00e1neo.<\/p>\n\n\n\n<p><strong>Planta superior: retiros con estilo<\/strong><\/p>\n\n\n\n<p>La planta superior ofrece aprox. 105 m\u00b2 de espacio habitable con un acogedor sal\u00f3n con chimenea, dos amplios dormitorios dobles y un cuarto de ba\u00f1o de planta abierta. Desde la terraza contigua (aprox. 11 m\u00b2), una escalera conduce a la azotea de 20 m\u00b2. Aqu\u00ed podr\u00e1 disfrutar de una pintoresca vista sobre los tejados del casco antiguo hasta la iglesia de Llucmajor - un tel\u00f3n de fondo perfecto para puestas de sol atmosf\u00e9ricas.<\/p>\n\n\n\n<p><strong>Equipamiento y confort<\/strong><\/p>\n\n\n\n<p>La propiedad impresiona por sus materiales de alta calidad y su excelente acabado. La calefacci\u00f3n por suelo radiante y una moderna bomba de calor garantizan un agradable clima interior durante todo el a\u00f1o con el correspondiente confort de vida. Adem\u00e1s de toda la instalaci\u00f3n el\u00e9ctrica y sanitaria, tambi\u00e9n se ha renovado completamente el tejado. Su nuevo hogar ha sido completamente reformado.<\/p>\n\n\n\n<p><br>El mobiliario de buen gusto redondea el armonioso concepto global de esta propiedad especial. Est\u00e1 incluido en el precio de venta. <\/p>\n\n\n\n<p>Esta excepcional casa adosada combina encanto hist\u00f3rico, mobiliario de lujo y una ubicaci\u00f3n privilegiada: un hogar con estilo para los gustos m\u00e1s exigentes. <br>Orientaci\u00f3n: Suroeste<\/p>\n\n\n\n<p><strong>Ubicaci\u00f3n e infraestructuras<\/strong><\/p>\n\n\n\n<p>Llucmajor es uno de los pueblos m\u00e1s tradicionales del sur de Mallorca y combina la aut\u00e9ntica vida isle\u00f1a con una excelente infraestructura. Las tiendas, restaurantes, caf\u00e9s, escuelas, atenci\u00f3n m\u00e9dica y el popular mercado semanal est\u00e1n a poca distancia a pie. La capital de la isla, Palma, y el aeropuerto internacional se encuentran a unos 15-20 minutos en coche, al igual que las hermosas playas de la costa sur - una combinaci\u00f3n ideal de tranquilidad, urbanidad y excelentes conexiones.<\/p>","protected":false},"excerpt":{"rendered":"<p>Nur wenige Gehminuten vom charmanten Marktplatz entfernt pr\u00e4sentiert sich dieses 2021\/2022 aufwendig und mit h\u00f6chstem Qualit\u00e4tsanspruch sanierte Luxus-Stadthaus als attraktives Zuhause im historischen Ortskern von Llucmajor. Mit viel Feingef\u00fchl wurde der urspr\u00fcngliche mallorquinische Charakter bewahrt: Wundersch\u00f6ne alte Zierelemente, traditionelle Details sowie sichtbare Holzbalken an den Decken verleihen der Immobilie eine warme, authentische Atmosph\u00e4re \u2013 harmonisch [&hellip;]<\/p>","protected":false},"author":9,"featured_media":29341,"parent":0,"menu_order":0,"template":"","property_type":[144,150],"property_status":[172,25],"property_feature":[227,203,128,188,123,126,80,224,190,187,121,58],"property_label":[135,171],"property_country":[65],"property_state":[66],"property_city":[110],"property_area":[115],"class_list":["post-29311","property","type-property","status-publish","has-post-thumbnail","hentry","property_type-reihenhaus-kaufen-mallorca","property_type-stadthaus-kaufen-mallorca","property_status-renoviert","property_status-zu-verkaufen","property_feature-bewohnbarkeitsbescheinigung","property_feature-dachterrasse","property_feature-fussbodenheizung","property_feature-glasfaserinternet","property_feature-kamin","property_feature-kueche","property_feature-pool","property_feature-porche-veranda","property_feature-satelliten-tv","property_feature-waermepumpe","property_feature-waschmaschine","property_feature-wifi","property_label-exclusiv","property_label-luxus","property_country-spanien","property_state-mallorca","property_city-llucmajor","property_area-sueden"],"property_meta":{"_edit_lock":["1776359230:9"],"_thumbnail_id":["29341"],"_edit_last":["9"],"fave_property_price":["789000"],"fave_show_price_placeholder":["0"],"fave_property_size":["248"],"fave_property_land":["173"],"fave_property_bedrooms":["3"],"fave_property_bathrooms":["2"],"fave_property_garage_size":["-"],"fave_property_id":["CVB-2084"],"fave_property_map":["1"],"fave_property_map_address":["Llucmajor, Migjorn, Illes Balears, Espa\u00f1a"],"fave_property_location":["39.490845,2.8913179,15"],"houzez_geolocation_lat":["39.490845"],"houzez_geolocation_long":["2.8913179"],"fave_property_map_street_view":["hide"],"fave_featured":["1"],"houzez_featured_listing_date":["2026-02-17 15:29:32"],"fave_loggedintoview":["0"],"fave_agent_display_option":["agent_info"],"fave_agents":["158"],"fave_prop_homeslider":["no"],"fave_energy_class":["D"],"fave_energy_global_index":["130 kWh\/m2 a"],"fave_energy_performance":["30 kg CO\/m2 a"],"fave_single_top_area":["global"],"fave_single_content_area":["global"],"additional_features":["a:1:{i:0;a:1:{s:29:\"fave_additional_feature_title\";s:54:\"LLUCMAJOR: Luxus-Reihenhaus mit Pool und Dachterrasse \";}}"],"_uf_disable_surveys":[""],"_seopress_titles_title":["LLUCMAJOR: Luxus-Reihenhaus mit Pool und Dachterrasse"],"_seopress_redirections_type":["301"],"_seopress_redirections_logged_status":["both"],"_seopress_video":["a:1:{i:0;a:8:{s:3:\"url\";s:0:\"\";s:5:\"title\";s:0:\"\";s:4:\"desc\";s:0:\"\";s:9:\"thumbnail\";s:0:\"\";s:8:\"duration\";s:0:\"\";s:6:\"rating\";s:0:\"\";s:10:\"view_count\";s:0:\"\";s:3:\"tag\";s:0:\"\";}}"],"_seopress_analysis_target_kw":[""],"om_disable_all_campaigns":[""],"houzez_manual_expire":["0"],"_houzez_expiration_date_status":["saved"],"houzez_total_property_views":["1430"],"houzez_views_by_date":["a:61:{s:10:\"03-02-2026\";i:9;s:10:\"03-03-2026\";i:11;s:10:\"03-04-2026\";i:7;s:10:\"03-05-2026\";i:5;s:10:\"03-06-2026\";i:7;s:10:\"03-07-2026\";i:10;s:10:\"03-08-2026\";i:10;s:10:\"03-09-2026\";i:15;s:10:\"03-10-2026\";i:16;s:10:\"03-11-2026\";i:10;s:10:\"03-12-2026\";i:4;s:10:\"03-13-2026\";i:9;s:10:\"03-14-2026\";i:4;s:10:\"03-15-2026\";i:6;s:10:\"03-16-2026\";i:8;s:10:\"03-17-2026\";i:13;s:10:\"03-18-2026\";i:21;s:10:\"03-19-2026\";i:9;s:10:\"03-20-2026\";i:12;s:10:\"03-21-2026\";i:10;s:10:\"03-22-2026\";i:3;s:10:\"03-23-2026\";i:18;s:10:\"03-24-2026\";i:20;s:10:\"03-25-2026\";i:15;s:10:\"03-26-2026\";i:24;s:10:\"03-27-2026\";i:9;s:10:\"03-28-2026\";i:9;s:10:\"03-29-2026\";i:4;s:10:\"03-30-2026\";i:7;s:10:\"03-31-2026\";i:8;s:10:\"04-01-2026\";i:3;s:10:\"04-02-2026\";i:6;s:10:\"04-03-2026\";i:98;s:10:\"04-04-2026\";i:19;s:10:\"04-05-2026\";i:31;s:10:\"04-06-2026\";i:75;s:10:\"04-07-2026\";i:33;s:10:\"04-08-2026\";i:19;s:10:\"04-09-2026\";i:25;s:10:\"04-10-2026\";i:13;s:10:\"04-11-2026\";i:17;s:10:\"04-12-2026\";i:6;s:10:\"04-13-2026\";i:5;s:10:\"04-14-2026\";i:13;s:10:\"04-15-2026\";i:11;s:10:\"04-16-2026\";i:60;s:10:\"04-17-2026\";i:29;s:10:\"04-18-2026\";i:14;s:10:\"04-19-2026\";i:19;s:10:\"04-20-2026\";i:29;s:10:\"04-21-2026\";i:17;s:10:\"04-22-2026\";i:12;s:10:\"04-23-2026\";i:10;s:10:\"04-24-2026\";i:6;s:10:\"04-25-2026\";i:15;s:10:\"04-26-2026\";i:8;s:10:\"04-27-2026\";i:6;s:10:\"04-28-2026\";i:22;s:10:\"04-29-2026\";i:11;s:10:\"04-30-2026\";i:6;s:10:\"05-01-2026\";i:7;}"],"houzez_recently_viewed":["2026-05-01 10:35:20"],"_elementor_page_assets":["a:0:{}"],"fave_property_images":["29341","29316","29314","29320","29321","29318","29349","29329","29347","29345","29346","29351","29350","29330","29331","29332","29337","29334","29335","29336","29352","29317","29338","29354","29340","29339","29348","29327","29328","29324","29326","29325","29333","29344","29323","29343","29342","29322","29315","29319","29353"]},"_links":{"self":[{"href":"https:\/\/claus-von-benz.com\/es\/wp-json\/wp\/v2\/properties\/29311","targetHints":{"allow":["GET"]}}],"collection":[{"href":"https:\/\/claus-von-benz.com\/es\/wp-json\/wp\/v2\/properties"}],"about":[{"href":"https:\/\/claus-von-benz.com\/es\/wp-json\/wp\/v2\/types\/property"}],"author":[{"embeddable":true,"href":"https:\/\/claus-von-benz.com\/es\/wp-json\/wp\/v2\/users\/9"}],"version-history":[{"count":10,"href":"https:\/\/claus-von-benz.com\/es\/wp-json\/wp\/v2\/properties\/29311\/revisions"}],"predecessor-version":[{"id":32734,"href":"https:\/\/claus-von-benz.com\/es\/wp-json\/wp\/v2\/properties\/29311\/revisions\/32734"}],"wp:featuredmedia":[{"embeddable":true,"href":"https:\/\/claus-von-benz.com\/es\/wp-json\/wp\/v2\/media\/29341"}],"wp:attachment":[{"href":"https:\/\/claus-von-benz.com\/es\/wp-json\/wp\/v2\/media?parent=29311"}],"wp:term":[{"taxonomy":"property_type","embeddable":true,"href":"https:\/\/claus-von-benz.com\/es\/wp-json\/wp\/v2\/property_type?post=29311"},{"taxonomy":"property_status","embeddable":true,"href":"https:\/\/claus-von-benz.com\/es\/wp-json\/wp\/v2\/property_status?post=29311"},{"taxonomy":"property_feature","embeddable":true,"href":"https:\/\/claus-von-benz.com\/es\/wp-json\/wp\/v2\/property_feature?post=29311"},{"taxonomy":"property_label","embeddable":true,"href":"https:\/\/claus-von-benz.com\/es\/wp-json\/wp\/v2\/property_label?post=29311"},{"taxonomy":"property_country","embeddable":true,"href":"https:\/\/claus-von-benz.com\/es\/wp-json\/wp\/v2\/property_country?post=29311"},{"taxonomy":"property_state","embeddable":true,"href":"https:\/\/claus-von-benz.com\/es\/wp-json\/wp\/v2\/property_state?post=29311"},{"taxonomy":"property_city","embeddable":true,"href":"https:\/\/claus-von-benz.com\/es\/wp-json\/wp\/v2\/property_city?post=29311"},{"taxonomy":"property_area","embeddable":true,"href":"https:\/\/claus-von-benz.com\/es\/wp-json\/wp\/v2\/property_area?post=29311"}],"curies":[{"name":"wp","href":"https:\/\/api.w.org\/{rel}","templated":true}]}}

<p>A pocos minutos a pie de la encantadora plaza del mercado, esta casa de pueblo de lujo, que fue ampliamente renovada en 2021/2022 con los más altos estándares de calidad, se presenta como un atractivo hogar en el centro histórico de Llucmajor. El carácter mallorquín original se ha conservado con gran sensibilidad: hermosos elementos decorativos antiguos, detalles tradicionales y vigas de madera a la vista en los techos confieren a la propiedad un ambiente cálido y auténtico - armoniosamente combinado con el confort de vida más moderno.</p>



<p><strong>Planta baja: vivir al más alto nivel</strong></p>



<p>Una acogedora zona de entrada le da la bienvenida a un espacio habitable de aproximadamente 143 m² más una veranda de 6 m². Un dormitorio, un elegante cuarto de baño y un aseo completan este nivel. La pieza central es la espaciosa cocina-comedor abierta con chimenea, que impresiona por su amplitud y luminosidad. Desde aquí se accede directamente a la zona exterior, diseñada con esmero, con terraza, piscina de 4 x 2 metros (160 cm de profundidad) y un práctico trastero: un refugio privado para relajarse bajo el sol mediterráneo.</p>



<p><strong>Planta superior: retiros con estilo</strong></p>



<p>La planta superior ofrece aprox. 105 m² de espacio habitable con un acogedor salón con chimenea, dos amplios dormitorios dobles y un cuarto de baño de planta abierta. Desde la terraza contigua (aprox. 11 m²), una escalera conduce a la azotea de 20 m². Aquí podrá disfrutar de una pintoresca vista sobre los tejados del casco antiguo hasta la iglesia de Llucmajor - un telón de fondo perfecto para puestas de sol atmosféricas.</p>



<p><strong>Equipamiento y confort</strong></p>



<p>La propiedad impresiona por sus materiales de alta calidad y su excelente acabado. La calefacción por suelo radiante y una moderna bomba de calor garantizan un agradable clima interior durante todo el año con el correspondiente confort de vida. Además de toda la instalación eléctrica y sanitaria, también se ha renovado completamente el tejado. Su nuevo hogar ha sido completamente reformado.</p>



<p><br>El mobiliario de buen gusto redondea el armonioso concepto global de esta propiedad especial. Está incluido en el precio de venta. </p>



<p>Esta excepcional casa adosada combina encanto histórico, mobiliario de lujo y una ubicación privilegiada: un hogar con estilo para los gustos más exigentes. <br>Orientación: Suroeste</p>



<p><strong>Ubicación e infraestructuras</strong></p>



<p>Llucmajor es uno de los pueblos más tradicionales del sur de Mallorca y combina la auténtica vida isleña con una excelente infraestructura. Las tiendas, restaurantes, cafés, escuelas, atención médica y el popular mercado semanal están a poca distancia a pie. La capital de la isla, Palma, y el aeropuerto internacional se encuentran a unos 15-20 minutos en coche, al igual que las hermosas playas de la costa sur - una combinación ideal de tranquilidad, urbanidad y excelentes conexiones.</p>

<p>Nur wenige Gehminuten vom charmanten Marktplatz entfernt präsentiert sich dieses 2021/2022 aufwendig und mit höchstem Qualitätsanspruch sanierte Luxus-Stadthaus als attraktives Zuhause im historischen Ortskern von Llucmajor. Mit viel Feingefühl wurde der ursprüngliche mallorquinische Charakter bewahrt: Wunderschöne alte Zierelemente, traditionelle Details sowie sichtbare Holzbalken an den Decken verleihen der Immobilie eine warme, authentische Atmosphäre – harmonisch [&hellip;]</p>

Llucmajor, Migjorn, Illes Balears, España
