{"id":22505,"date":"2025-07-27T14:08:40","date_gmt":"2025-07-27T14:08:40","guid":{"rendered":"https:\/\/claus-von-benz.com\/?post_type=property&#038;p=22505"},"modified":"2025-08-02T17:18:01","modified_gmt":"2025-08-02T17:18:01","slug":"santanyi-ses-salines-parcela-rural-con-proyecto-de-casa-unifamiliar-pasiva-con-piscina","status":"publish","type":"property","link":"https:\/\/claus-von-benz.com\/es\/inmobiliaria-mallorca\/santanyi-ses-salines-parcela-rural-con-proyecto-de-casa-unifamiliar-pasiva-con-piscina\/","title":{"rendered":"SANTANYI \/ SES SALINES: Parcela rural con proyecto para casa unifamiliar pasiva con piscina"},"content":{"rendered":"<p>Aqu\u00ed se vende una hermosa finca r\u00fastica de 28.412 m\u00b2. El proyecto para una casa unifamiliar pasiva independiente se present\u00f3 el 28 de junio de 2022 y se han pagado todas las tasas.<\/p>\n\n\n\n<p>La propiedad est\u00e1 rodeada por un muro de piedra y dispone de un pozo autorizado con un volumen de riego anual de 3.000 m\u00b3 desde junio de 2025. <\/p>\n\n\n\n<p>En una ubicaci\u00f3n fant\u00e1stica, a s\u00f3lo 5 minutos en l\u00ednea recta del faro de Ses Salines, es decir, con acceso asfaltado por la Ma-6110 hacia Cap d'es Far de Ses Salines.<\/p>\n\n\n\n<p>Forma de parcela rectangular.<\/p>\n\n\n\n<p><\/p>\n\n\n\n<p>PROYECTO:<\/p>\n\n\n\n<p>PASSIVHAUS distribuido en un s\u00f3tano (57 m\u00b2 - sala de m\u00e1quinas) y la sala de estar en la planta baja (216 m\u00b2 de espacio habitable).<\/p>\n\n\n\n<p>Dormitorio: 3 <br>Ba\u00f1o: 3<br>Terrazas cubiertas: 2 (11 y 10 m2)<br>Garaje: 73 m2<br>Piscina: 34,50 m2<br>Superficie planta baja: 311 m2<br>Superficie total construida: 369 m2<br><\/p>\n\n\n\n<p>MINUTOS EN COCHE HASTA EL MAR:<\/p>\n\n\n\n<p>Cap de Ses Salines: 5 min<br>Es Trenc: 10 min<br>Cala Llombards: 12 min<br>Cala Santany\u00ed: 15 min<br>Colonia Sant Jordi: 20 min<br>Cala Mondrag\u00f3: 29 min<br>A pocos minutos de Cala M\u00e1rmols, Es Cargol, Cala Tugores y Cala Figuereta<\/p>\n\n\n\n<p>MINUTOS EN COCHE A OTROS PUEBLOS:<\/p>\n\n\n\n<p>Ses Salines: 8 min<br>Santanyi: 11 min<br>Campos: 20 min<br>Portopetro: 24 min<br>Portocolom: 31 min<br>Palma: 48 min<br>Aeropuerto: 44 min<\/p>\n\n\n\n<p>Ll\u00e1manos para concertar una cita.<\/p>","protected":false},"excerpt":{"rendered":"<p>Ein wundersch\u00f6nes 28.412 m\u00b2 gro\u00dfes l\u00e4ndliches Grundst\u00fcck steht hier zum Verkauf. Das Projekt f\u00fcr ein freistehendes Einfamilien-Passivhaus wurde am 28. Juni 2022 eingereicht und alle Geb\u00fchren wurden bezahlt. Das Grundst\u00fcck ist mit Steinmauer umgeben und verf\u00fcgt seit Juni 2025 \u00fcber einen genehmigten Brunnen mit einer j\u00e4hrlichen Bew\u00e4sserungsmenge von 3.000 m\u00b3. In traumhafter Lage, nur 5 [&hellip;]<\/p>","protected":false},"author":9,"featured_media":23378,"parent":0,"menu_order":0,"template":"","property_type":[142],"property_status":[25],"property_feature":[],"property_label":[135],"property_country":[65],"property_state":[66],"property_city":[160,156],"property_area":[115],"class_list":["post-22505","property","type-property","status-publish","has-post-thumbnail","hentry","property_type-grundstueck-kaufen-mallorca","property_status-zu-verkaufen","property_label-exclusiv","property_country-spanien","property_state-mallorca","property_city-santanyi","property_city-ses-salines","property_area-sueden"],"property_meta":{"_edit_lock":["1754673171:9"],"_edit_last":["9"],"fave_show_price_placeholder":["0"],"fave_property_id":["CVB-8076"],"fave_property_map":["1"],"fave_property_location":["39.306419010188,3.0771377310499,12"],"houzez_geolocation_lat":["39.306419010188"],"houzez_geolocation_long":["3.0771377310499"],"fave_property_map_street_view":["show"],"fave_featured":["1"],"houzez_featured_listing_date":["2025-07-27 13:45:20"],"fave_loggedintoview":["0"],"fave_agent_display_option":["agent_info"],"fave_prop_homeslider":["no"],"fave_single_top_area":["global"],"fave_single_content_area":["global"],"_uf_disable_surveys":[""],"_seopress_redirections_type":["301"],"_seopress_redirections_logged_status":["both"],"_seopress_video":["a:1:{i:0;a:8:{s:3:\"url\";s:0:\"\";s:5:\"title\";s:0:\"\";s:4:\"desc\";s:0:\"\";s:9:\"thumbnail\";s:0:\"\";s:8:\"duration\";s:0:\"\";s:6:\"rating\";s:0:\"\";s:10:\"view_count\";s:0:\"\";s:3:\"tag\";s:0:\"\";}}"],"_seopress_analysis_target_kw":[""],"om_disable_all_campaigns":[""],"houzez_manual_expire":["0"],"_houzez_expiration_date_status":["saved"],"houzez_total_property_views":["412"],"houzez_views_by_date":["a:61:{s:10:\"02-26-2026\";i:5;s:10:\"02-27-2026\";i:3;s:10:\"02-28-2026\";i:2;s:10:\"03-01-2026\";i:3;s:10:\"03-02-2026\";i:1;s:10:\"03-03-2026\";i:4;s:10:\"03-04-2026\";i:1;s:10:\"03-05-2026\";i:3;s:10:\"03-06-2026\";i:9;s:10:\"03-07-2026\";i:1;s:10:\"03-08-2026\";i:2;s:10:\"03-09-2026\";i:5;s:10:\"03-10-2026\";i:9;s:10:\"03-11-2026\";i:6;s:10:\"03-12-2026\";i:2;s:10:\"03-13-2026\";i:3;s:10:\"03-14-2026\";i:6;s:10:\"03-15-2026\";i:5;s:10:\"03-16-2026\";i:8;s:10:\"03-17-2026\";i:6;s:10:\"03-18-2026\";i:3;s:10:\"03-19-2026\";i:8;s:10:\"03-20-2026\";i:6;s:10:\"03-21-2026\";i:8;s:10:\"03-22-2026\";i:2;s:10:\"03-23-2026\";i:1;s:10:\"03-24-2026\";i:5;s:10:\"03-25-2026\";i:4;s:10:\"03-26-2026\";i:3;s:10:\"03-28-2026\";i:1;s:10:\"03-29-2026\";i:2;s:10:\"03-30-2026\";i:1;s:10:\"03-31-2026\";i:4;s:10:\"04-01-2026\";i:1;s:10:\"04-02-2026\";i:8;s:10:\"04-03-2026\";i:1;s:10:\"04-05-2026\";i:6;s:10:\"04-06-2026\";i:5;s:10:\"04-07-2026\";i:4;s:10:\"04-08-2026\";i:1;s:10:\"04-09-2026\";i:1;s:10:\"04-10-2026\";i:4;s:10:\"04-11-2026\";i:1;s:10:\"04-12-2026\";i:3;s:10:\"04-14-2026\";i:4;s:10:\"04-15-2026\";i:1;s:10:\"04-17-2026\";i:3;s:10:\"04-18-2026\";i:8;s:10:\"04-19-2026\";i:5;s:10:\"04-20-2026\";i:2;s:10:\"04-21-2026\";i:2;s:10:\"04-22-2026\";i:3;s:10:\"04-23-2026\";i:2;s:10:\"04-24-2026\";i:4;s:10:\"04-25-2026\";i:4;s:10:\"04-26-2026\";i:8;s:10:\"04-27-2026\";i:6;s:10:\"04-28-2026\";i:3;s:10:\"04-29-2026\";i:6;s:10:\"04-30-2026\";i:2;s:10:\"05-01-2026\";i:5;}"],"houzez_recently_viewed":["2026-05-01 19:09:36"],"fave_property_price":["1499000"],"fave_property_land":["28412"],"fave_property_map_address":["Ses Salines, Migjorn, Illes Balears, Espa\u00f1a"],"fave_property_address":["SES SALINES"],"fave_agents":["158"],"_thumbnail_id":["23378"],"fave_property_size":["211"],"fave_property_size_prefix":["369"],"fave_property_images":["23378","23387","23391","23390","23380","23383","23384","23389","23394","23392","23395","23396","23393","23381","23379","23385","23386","23388","23404","23403","23405","23406"],"_elementor_page_assets":["a:0:{}"]},"_links":{"self":[{"href":"https:\/\/claus-von-benz.com\/es\/wp-json\/wp\/v2\/properties\/22505","targetHints":{"allow":["GET"]}}],"collection":[{"href":"https:\/\/claus-von-benz.com\/es\/wp-json\/wp\/v2\/properties"}],"about":[{"href":"https:\/\/claus-von-benz.com\/es\/wp-json\/wp\/v2\/types\/property"}],"author":[{"embeddable":true,"href":"https:\/\/claus-von-benz.com\/es\/wp-json\/wp\/v2\/users\/9"}],"version-history":[{"count":4,"href":"https:\/\/claus-von-benz.com\/es\/wp-json\/wp\/v2\/properties\/22505\/revisions"}],"predecessor-version":[{"id":23407,"href":"https:\/\/claus-von-benz.com\/es\/wp-json\/wp\/v2\/properties\/22505\/revisions\/23407"}],"wp:featuredmedia":[{"embeddable":true,"href":"https:\/\/claus-von-benz.com\/es\/wp-json\/wp\/v2\/media\/23378"}],"wp:attachment":[{"href":"https:\/\/claus-von-benz.com\/es\/wp-json\/wp\/v2\/media?parent=22505"}],"wp:term":[{"taxonomy":"property_type","embeddable":true,"href":"https:\/\/claus-von-benz.com\/es\/wp-json\/wp\/v2\/property_type?post=22505"},{"taxonomy":"property_status","embeddable":true,"href":"https:\/\/claus-von-benz.com\/es\/wp-json\/wp\/v2\/property_status?post=22505"},{"taxonomy":"property_feature","embeddable":true,"href":"https:\/\/claus-von-benz.com\/es\/wp-json\/wp\/v2\/property_feature?post=22505"},{"taxonomy":"property_label","embeddable":true,"href":"https:\/\/claus-von-benz.com\/es\/wp-json\/wp\/v2\/property_label?post=22505"},{"taxonomy":"property_country","embeddable":true,"href":"https:\/\/claus-von-benz.com\/es\/wp-json\/wp\/v2\/property_country?post=22505"},{"taxonomy":"property_state","embeddable":true,"href":"https:\/\/claus-von-benz.com\/es\/wp-json\/wp\/v2\/property_state?post=22505"},{"taxonomy":"property_city","embeddable":true,"href":"https:\/\/claus-von-benz.com\/es\/wp-json\/wp\/v2\/property_city?post=22505"},{"taxonomy":"property_area","embeddable":true,"href":"https:\/\/claus-von-benz.com\/es\/wp-json\/wp\/v2\/property_area?post=22505"}],"curies":[{"name":"wp","href":"https:\/\/api.w.org\/{rel}","templated":true}]}}

<p>Aquí se vende una hermosa finca rústica de 28.412 m². El proyecto para una casa unifamiliar pasiva independiente se presentó el 28 de junio de 2022 y se han pagado todas las tasas.</p>



<p>La propiedad está rodeada por un muro de piedra y dispone de un pozo autorizado con un volumen de riego anual de 3.000 m³ desde junio de 2025. </p>



<p>En una ubicación fantástica, a sólo 5 minutos en línea recta del faro de Ses Salines, es decir, con acceso asfaltado por la Ma-6110 hacia Cap d'es Far de Ses Salines.</p>



<p>Forma de parcela rectangular.</p>



<p></p>



<p>PROYECTO:</p>



<p>PASSIVHAUS distribuido en un sótano (57 m² - sala de máquinas) y la sala de estar en la planta baja (216 m² de espacio habitable).</p>



<p>Dormitorio: 3 <br>Baño: 3<br>Terrazas cubiertas: 2 (11 y 10 m2)<br>Garaje: 73 m2<br>Piscina: 34,50 m2<br>Superficie planta baja: 311 m2<br>Superficie total construida: 369 m2<br></p>



<p>MINUTOS EN COCHE HASTA EL MAR:</p>



<p>Cap de Ses Salines: 5 min<br>Es Trenc: 10 min<br>Cala Llombards: 12 min<br>Cala Santanyí: 15 min<br>Colonia Sant Jordi: 20 min<br>Cala Mondragó: 29 min<br>A pocos minutos de Cala Mármols, Es Cargol, Cala Tugores y Cala Figuereta</p>



<p>MINUTOS EN COCHE A OTROS PUEBLOS:</p>



<p>Ses Salines: 8 min<br>Santanyi: 11 min<br>Campos: 20 min<br>Portopetro: 24 min<br>Portocolom: 31 min<br>Palma: 48 min<br>Aeropuerto: 44 min</p>



<p>Llámanos para concertar una cita.</p>

<p>Ein wunderschönes 28.412 m² großes ländliches Grundstück steht hier zum Verkauf. Das Projekt für ein freistehendes Einfamilien-Passivhaus wurde am 28. Juni 2022 eingereicht und alle Gebühren wurden bezahlt. Das Grundstück ist mit Steinmauer umgeben und verfügt seit Juni 2025 über einen genehmigten Brunnen mit einer jährlichen Bewässerungsmenge von 3.000 m³. In traumhafter Lage, nur 5 [&hellip;]</p>

Ses Salines, Migjorn, Illes Balears, España
