{"id":12179,"date":"2025-02-05T14:55:59","date_gmt":"2025-02-05T14:55:59","guid":{"rendered":"https:\/\/claus-von-benz.com\/?post_type=property&#038;p=12179"},"modified":"2025-12-18T12:31:58","modified_gmt":"2025-12-18T12:31:58","slug":"manacor-fantastico-terreno-edificable-con-licencia-de-obra","status":"publish","type":"property","link":"https:\/\/claus-von-benz.com\/es\/inmobiliaria-mallorca\/manacor-fantastico-terreno-edificable-con-licencia-de-obra\/","title":{"rendered":"Manacor - Fant\u00e1stico solar edificable con licencia de obra"},"content":{"rendered":"<p>Este espacioso solar edificable con una superficie de aprox. 14.200 m\u00b2 le ofrece la rara oportunidad de hacer realidad la casa de sus sue\u00f1os en Mallorca. Situado en un entorno id\u00edlico, rural entre Manacor y Porto Cristo, esta parcela combina la tranquilidad absoluta con la proximidad a las comodidades de ambas ciudades.<\/p>\n\n\n\n<p><strong>Licencia de obras disponible - \u00a1empieza inmediatamente!<\/strong><br>Ya se ha concedido la licencia de obras para que pueda comenzar inmediatamente la construcci\u00f3n de una vivienda unifamiliar de dos plantas con piscina. Los datos clave aprobados para el proyecto son los siguientes:<\/p>\n\n\n\n<p>- Superficie construida: 320 m\u00b2<br>- Superficie habitable: 250 m\u00b2<br>- Piscina: 50 m\u00b2<br>- Garaje: 44 m\u00b2<\/p>\n\n\n\n<p><strong>Infraestructura y conexiones \u00f3ptimas<\/strong><br>- La parcela est\u00e1 totalmente urbanizada y tiene f\u00e1cil acceso.<br>- El agua se obtiene de una comunidad de regantes.<br>- A unos 500 metros hay un transformador, por lo que es factible una conexi\u00f3n el\u00e9ctrica.<\/p>\n\n\n\n<p><strong>Situaci\u00f3n y alrededores<\/strong><br>La ubicaci\u00f3n entre Manacor y Porto Cristo ofrece una mezcla ideal de naturaleza y comodidad. Porto Cristo, con su pintoresco puerto y las famosas cuevas del drag\u00f3n, est\u00e1 a s\u00f3lo unos minutos en coche. En Manacor encontrar\u00e1 una excelente infraestructura con tiendas, restaurantes, escuelas y atenci\u00f3n m\u00e9dica.<\/p>\n\n\n\n<p>Aproveche esta oportunidad para cumplir su sue\u00f1o de una exclusiva residencia en Mallorca. Por favor, no dude en ponerse en contacto con nosotros para m\u00e1s informaci\u00f3n o una visita.<\/p>\n\n\n\n<p><strong>P\u00f3ngase en contacto con nosotros hoy mismo.<\/strong><\/p>","protected":false},"excerpt":{"rendered":"<p>Dieses gro\u00dfz\u00fcgige Baugrundst\u00fcck mit einer Fl\u00e4che von ca. 14.200 m\u00b2 bietet Ihnen die seltene Gelegenheit, Ihr Traumhaus auf Mallorca zu verwirklichen. Gelegen in einer idyllischen, l\u00e4ndlichen Umgebung zwischen Manacor und Porto Cristo, verbindet diese Parzelle absolute Ruhe mit der N\u00e4he zu den Annehmlichkeiten beider St\u00e4dte. Baugenehmigung vorhanden \u2013 sofort starten!Die Baulizenz ist bereits erteilt, sodass [&hellip;]<\/p>","protected":false},"author":2,"featured_media":12186,"parent":0,"menu_order":0,"template":"","property_type":[142],"property_status":[],"property_feature":[125],"property_label":[221,148],"property_country":[65],"property_state":[66],"property_city":[220],"property_area":[117],"class_list":["post-12179","property","type-property","status-publish","has-post-thumbnail","hentry","property_type-grundstueck-kaufen-mallorca","property_feature-panoramablick","property_label-mit-baulizenz","property_label-verkauft","property_country-spanien","property_state-mallorca","property_city-manacor","property_area-osten"],"property_meta":{"_edit_lock":["1767278807:9"],"_thumbnail_id":["12186"],"_edit_last":["9"],"fave_property_price":["390000"],"fave_show_price_placeholder":["0"],"fave_property_land":["14.200"],"fave_property_id":["CVB-8067"],"fave_property_map":["1"],"fave_property_map_address":["Manacor, Llevant, Illes Balears, Espa\u00f1a"],"fave_property_location":["39.552368298117,3.2600212097168,14"],"houzez_geolocation_lat":["39.552368298117"],"houzez_geolocation_long":["3.2600212097168"],"fave_property_map_street_view":["show"],"fave_featured":["0"],"houzez_featured_listing_date":[""],"fave_loggedintoview":["0"],"fave_agent_display_option":["agent_info"],"fave_agents":["158"],"fave_prop_homeslider":["no"],"fave_private_note":["Isabel - KoopPartner Eigentum Mallorca"],"fave_single_top_area":["global"],"fave_single_content_area":["global"],"additional_features":["a:1:{i:0;a:2:{s:29:\"fave_additional_feature_title\";s:8:\"ACHTUNG:\";s:29:\"fave_additional_feature_value\";s:21:\"Baugnehmigung erteilt\";}}"],"_uf_disable_surveys":[""],"_seopress_redirections_type":["301"],"_seopress_redirections_logged_status":["both"],"_seopress_video":["a:1:{i:0;a:8:{s:3:\"url\";s:0:\"\";s:5:\"title\";s:0:\"\";s:4:\"desc\";s:0:\"\";s:9:\"thumbnail\";s:0:\"\";s:8:\"duration\";s:0:\"\";s:6:\"rating\";s:0:\"\";s:10:\"view_count\";s:0:\"\";s:3:\"tag\";s:0:\"\";}}"],"_seopress_analysis_target_kw":[""],"om_disable_all_campaigns":[""],"houzez_manual_expire":["0"],"_houzez_expiration_date_status":["saved"],"houzez_total_property_views":["565"],"houzez_views_by_date":["a:61:{s:10:\"03-01-2026\";i:4;s:10:\"03-02-2026\";i:20;s:10:\"03-03-2026\";i:4;s:10:\"03-04-2026\";i:3;s:10:\"03-05-2026\";i:4;s:10:\"03-06-2026\";i:7;s:10:\"03-07-2026\";i:9;s:10:\"03-08-2026\";i:2;s:10:\"03-09-2026\";i:11;s:10:\"03-10-2026\";i:10;s:10:\"03-11-2026\";i:8;s:10:\"03-12-2026\";i:3;s:10:\"03-13-2026\";i:4;s:10:\"03-14-2026\";i:5;s:10:\"03-15-2026\";i:8;s:10:\"03-16-2026\";i:4;s:10:\"03-17-2026\";i:6;s:10:\"03-18-2026\";i:2;s:10:\"03-19-2026\";i:6;s:10:\"03-20-2026\";i:7;s:10:\"03-21-2026\";i:7;s:10:\"03-22-2026\";i:6;s:10:\"03-23-2026\";i:2;s:10:\"03-24-2026\";i:3;s:10:\"03-25-2026\";i:8;s:10:\"03-26-2026\";i:9;s:10:\"03-27-2026\";i:3;s:10:\"03-28-2026\";i:5;s:10:\"03-29-2026\";i:5;s:10:\"03-30-2026\";i:1;s:10:\"03-31-2026\";i:7;s:10:\"04-01-2026\";i:2;s:10:\"04-02-2026\";i:5;s:10:\"04-03-2026\";i:2;s:10:\"04-04-2026\";i:5;s:10:\"04-05-2026\";i:3;s:10:\"04-06-2026\";i:5;s:10:\"04-07-2026\";i:6;s:10:\"04-08-2026\";i:2;s:10:\"04-09-2026\";i:2;s:10:\"04-10-2026\";i:2;s:10:\"04-11-2026\";i:6;s:10:\"04-12-2026\";i:1;s:10:\"04-13-2026\";i:2;s:10:\"04-14-2026\";i:4;s:10:\"04-15-2026\";i:5;s:10:\"04-16-2026\";i:2;s:10:\"04-17-2026\";i:1;s:10:\"04-18-2026\";i:11;s:10:\"04-19-2026\";i:3;s:10:\"04-20-2026\";i:3;s:10:\"04-21-2026\";i:5;s:10:\"04-22-2026\";i:7;s:10:\"04-23-2026\";i:2;s:10:\"04-24-2026\";i:5;s:10:\"04-25-2026\";i:9;s:10:\"04-26-2026\";i:4;s:10:\"04-27-2026\";i:7;s:10:\"04-28-2026\";i:4;s:10:\"04-29-2026\";i:9;s:10:\"04-30-2026\";i:3;}"],"houzez_recently_viewed":["2026-04-30 10:12:14"],"fave_property_images":["12184","12183","12186","12182","12185","12279","12280","12281","12282","12283","12284"],"_elementor_page_assets":["a:0:{}"]},"_links":{"self":[{"href":"https:\/\/claus-von-benz.com\/es\/wp-json\/wp\/v2\/properties\/12179","targetHints":{"allow":["GET"]}}],"collection":[{"href":"https:\/\/claus-von-benz.com\/es\/wp-json\/wp\/v2\/properties"}],"about":[{"href":"https:\/\/claus-von-benz.com\/es\/wp-json\/wp\/v2\/types\/property"}],"author":[{"embeddable":true,"href":"https:\/\/claus-von-benz.com\/es\/wp-json\/wp\/v2\/users\/2"}],"version-history":[{"count":2,"href":"https:\/\/claus-von-benz.com\/es\/wp-json\/wp\/v2\/properties\/12179\/revisions"}],"predecessor-version":[{"id":12290,"href":"https:\/\/claus-von-benz.com\/es\/wp-json\/wp\/v2\/properties\/12179\/revisions\/12290"}],"wp:featuredmedia":[{"embeddable":true,"href":"https:\/\/claus-von-benz.com\/es\/wp-json\/wp\/v2\/media\/12186"}],"wp:attachment":[{"href":"https:\/\/claus-von-benz.com\/es\/wp-json\/wp\/v2\/media?parent=12179"}],"wp:term":[{"taxonomy":"property_type","embeddable":true,"href":"https:\/\/claus-von-benz.com\/es\/wp-json\/wp\/v2\/property_type?post=12179"},{"taxonomy":"property_status","embeddable":true,"href":"https:\/\/claus-von-benz.com\/es\/wp-json\/wp\/v2\/property_status?post=12179"},{"taxonomy":"property_feature","embeddable":true,"href":"https:\/\/claus-von-benz.com\/es\/wp-json\/wp\/v2\/property_feature?post=12179"},{"taxonomy":"property_label","embeddable":true,"href":"https:\/\/claus-von-benz.com\/es\/wp-json\/wp\/v2\/property_label?post=12179"},{"taxonomy":"property_country","embeddable":true,"href":"https:\/\/claus-von-benz.com\/es\/wp-json\/wp\/v2\/property_country?post=12179"},{"taxonomy":"property_state","embeddable":true,"href":"https:\/\/claus-von-benz.com\/es\/wp-json\/wp\/v2\/property_state?post=12179"},{"taxonomy":"property_city","embeddable":true,"href":"https:\/\/claus-von-benz.com\/es\/wp-json\/wp\/v2\/property_city?post=12179"},{"taxonomy":"property_area","embeddable":true,"href":"https:\/\/claus-von-benz.com\/es\/wp-json\/wp\/v2\/property_area?post=12179"}],"curies":[{"name":"wp","href":"https:\/\/api.w.org\/{rel}","templated":true}]}}

Manacor - Fantástico solar edificable con licencia de obra

<p>Este espacioso solar edificable con una superficie de aprox. 14.200 m² le ofrece la rara oportunidad de hacer realidad la casa de sus sueños en Mallorca. Situado en un entorno idílico, rural entre Manacor y Porto Cristo, esta parcela combina la tranquilidad absoluta con la proximidad a las comodidades de ambas ciudades.</p>



<p><strong>Licencia de obras disponible - ¡empieza inmediatamente!</strong><br>Ya se ha concedido la licencia de obras para que pueda comenzar inmediatamente la construcción de una vivienda unifamiliar de dos plantas con piscina. Los datos clave aprobados para el proyecto son los siguientes:</p>



<p>- Superficie construida: 320 m²<br>- Superficie habitable: 250 m²<br>- Piscina: 50 m²<br>- Garaje: 44 m²</p>



<p><strong>Infraestructura y conexiones óptimas</strong><br>- La parcela está totalmente urbanizada y tiene fácil acceso.<br>- El agua se obtiene de una comunidad de regantes.<br>- A unos 500 metros hay un transformador, por lo que es factible una conexión eléctrica.</p>



<p><strong>Situación y alrededores</strong><br>La ubicación entre Manacor y Porto Cristo ofrece una mezcla ideal de naturaleza y comodidad. Porto Cristo, con su pintoresco puerto y las famosas cuevas del dragón, está a sólo unos minutos en coche. En Manacor encontrará una excelente infraestructura con tiendas, restaurantes, escuelas y atención médica.</p>



<p>Aproveche esta oportunidad para cumplir su sueño de una exclusiva residencia en Mallorca. Por favor, no dude en ponerse en contacto con nosotros para más información o una visita.</p>



<p><strong>Póngase en contacto con nosotros hoy mismo.</strong></p>

<p>Dieses großzügige Baugrundstück mit einer Fläche von ca. 14.200 m² bietet Ihnen die seltene Gelegenheit, Ihr Traumhaus auf Mallorca zu verwirklichen. Gelegen in einer idyllischen, ländlichen Umgebung zwischen Manacor und Porto Cristo, verbindet diese Parzelle absolute Ruhe mit der Nähe zu den Annehmlichkeiten beider Städte. Baugenehmigung vorhanden – sofort starten!Die Baulizenz ist bereits erteilt, sodass [&hellip;]</p>

Manacor, Llevant, Illes Balears, España
