{"id":10807,"date":"2024-12-18T14:02:51","date_gmt":"2024-12-18T14:02:51","guid":{"rendered":"https:\/\/claus-von-benz.com\/?post_type=property&#038;p=10807"},"modified":"2025-06-20T17:04:00","modified_gmt":"2025-06-20T17:04:00","slug":"santa-ponsa-acogedor-piso-con-impresionantes-vistas-a-la-bahia","status":"publish","type":"property","link":"https:\/\/claus-von-benz.com\/es\/inmobiliaria-mallorca\/santa-ponsa-acogedor-piso-con-impresionantes-vistas-a-la-bahia\/","title":{"rendered":"Santa Ponsa - Acogedor piso con impresionantes vistas a la bah\u00eda"},"content":{"rendered":"<p>Experimente lo mejor que la vida frente al mar tiene para ofrecer en este encantador piso en Santa Ponsa. Situado en un moderno complejo de apartamentos en primera l\u00ednea de mar, disfrutar\u00e1 de la combinaci\u00f3n perfecta de comodidad, estilo e impresionantes vistas.<\/p>\n\n\n\n<p>El piso, orientado al suroeste, le ofrece una amplia terraza cubierta con espectaculares vistas panor\u00e1micas de la bah\u00eda y el mar abierto: el lugar perfecto para un acogedor desayuno al sol o relajantes veladas con el sonido del mar.<\/p>\n\n\n\n<p>Santa Ponsa es conocida por su excelente infraestructura y su especial estilo de vida. El paseo mar\u00edtimo con sus numerosos restaurantes, bares e instalaciones comerciales est\u00e1 justo a la puerta. Tambi\u00e9n hay centros m\u00e9dicos, bancos e instalaciones deportivas y de ocio en las inmediaciones. Se puede llegar a Palma en s\u00f3lo 15 minutos en coche, mientras que las hermosas bah\u00edas y puertos deportivos tambi\u00e9n est\u00e1n a poca distancia.<\/p>\n\n\n\n<p>Hay un aparcamiento p\u00fablico gratuito a s\u00f3lo 150 metros.<\/p>\n\n\n\n<p>La cuidada residencia impresiona por su acceso directo a la playa, un hermoso jard\u00edn y una amplia piscina. \u00a1Aqu\u00ed podr\u00e1 vivir momentos de vacaciones durante todo el a\u00f1o!<\/p>\n\n\n\n<p><strong>PROPIEDADES<\/strong><br>Superficie habitable: 55 m\u00b2 aprox.<br>Superficie construida: 65 m\u00b2 aprox.<br>Balc\u00f3n generosamente cubierto<br>Dormitorio 1<br>Ba\u00f1o 1<br>Piscina comunitaria<br>Primera l\u00ednea de mar con acceso directo a la playa<br>Aire acondicionado y calefacci\u00f3n central<\/p>\n\n\n\n<p>Este acogedor piso ofrece un estilo mediterr\u00e1neo y una ubicaci\u00f3n excepcional. Haga realidad su sue\u00f1o de vivir en primera l\u00ednea de playa y experimente la especial calidad de vida que ofrece Santa Ponsa.<\/p>\n\n\n\n<p><strong>No lo dude, p\u00f3ngase en contacto con nosotros hoy mismo.<\/strong><\/p>","protected":false},"excerpt":{"rendered":"<p>Erleben Sie das Beste, was das Leben direkt am Meer zu bieten hat, in diesem charmanten Apartment in Santa Ponsa. Gelegen in einem modernen Apartmentkomplex in erster Meereslinie, genie\u00dfen Sie hier die perfekte Kombination aus Komfort, Stil und einer atemberaubenden Aussicht. Die s\u00fcdwestorientierte Wohnung bietet Ihnen eine gro\u00dfz\u00fcgige, \u00fcberdachte Terrasse mit spektakul\u00e4rem Panoramablick auf die [&hellip;]<\/p>","protected":false},"author":2,"featured_media":10830,"parent":0,"menu_order":0,"template":"","property_type":[28,57],"property_status":[],"property_feature":[130,78,124,125,80,132,214],"property_label":[148],"property_country":[65],"property_state":[66],"property_city":[67],"property_area":[95],"class_list":["post-10807","property","type-property","status-publish","has-post-thumbnail","hentry","property_type-appartement-kaufen-mallorca","property_type-erste-meereslinie-immobilien-mallorca","property_feature-aufzug","property_feature-klimaanlage","property_feature-meerblick","property_feature-panoramablick","property_feature-pool","property_feature-toplage","property_feature-zentralheizung","property_label-verkauft","property_country-spanien","property_state-mallorca","property_city-santa-ponsa","property_area-suedwesten"],"property_meta":{"_edit_lock":["1750439040:2"],"_thumbnail_id":["10830"],"_edit_last":["2"],"fave_property_price":["310000"],"fave_show_price_placeholder":["0"],"fave_property_size":["55"],"fave_property_bedrooms":["1"],"fave_property_bathrooms":["1"],"fave_property_id":["CVB-5051"],"fave_property_map":["1"],"fave_property_map_address":["Santa Pon\u00e7a, Calvi\u00e0, Serra de Tramuntana, Illes Balears, 07180, Espa\u00f1a"],"fave_property_location":["39.5148159,2.4819598,15"],"houzez_geolocation_lat":["39.5148159"],"houzez_geolocation_long":["2.4819598"],"fave_property_map_street_view":["show"],"fave_featured":["0"],"houzez_featured_listing_date":[""],"fave_loggedintoview":["0"],"fave_agent_display_option":["agent_info"],"fave_agents":["156"],"fave_prop_homeslider":["no"],"fave_single_top_area":["global"],"fave_single_content_area":["global"],"_uf_disable_surveys":[""],"_seopress_redirections_type":["301"],"_seopress_redirections_logged_status":["both"],"_seopress_video":["a:1:{i:0;a:8:{s:3:\"url\";s:0:\"\";s:5:\"title\";s:0:\"\";s:4:\"desc\";s:0:\"\";s:9:\"thumbnail\";s:0:\"\";s:8:\"duration\";s:0:\"\";s:6:\"rating\";s:0:\"\";s:10:\"view_count\";s:0:\"\";s:3:\"tag\";s:0:\"\";}}"],"_seopress_analysis_target_kw":[""],"om_disable_all_campaigns":[""],"houzez_manual_expire":["0"],"_houzez_expiration_date_status":["saved"],"houzez_total_property_views":["1037"],"houzez_views_by_date":["a:61:{s:10:\"03-01-2026\";i:2;s:10:\"03-02-2026\";i:20;s:10:\"03-03-2026\";i:6;s:10:\"03-04-2026\";i:4;s:10:\"03-05-2026\";i:10;s:10:\"03-06-2026\";i:7;s:10:\"03-07-2026\";i:15;s:10:\"03-08-2026\";i:4;s:10:\"03-09-2026\";i:3;s:10:\"03-10-2026\";i:9;s:10:\"03-11-2026\";i:10;s:10:\"03-12-2026\";i:8;s:10:\"03-13-2026\";i:15;s:10:\"03-14-2026\";i:10;s:10:\"03-15-2026\";i:7;s:10:\"03-16-2026\";i:5;s:10:\"03-17-2026\";i:8;s:10:\"03-18-2026\";i:6;s:10:\"03-19-2026\";i:17;s:10:\"03-20-2026\";i:17;s:10:\"03-21-2026\";i:6;s:10:\"03-22-2026\";i:5;s:10:\"03-23-2026\";i:5;s:10:\"03-24-2026\";i:11;s:10:\"03-25-2026\";i:14;s:10:\"03-26-2026\";i:8;s:10:\"03-27-2026\";i:6;s:10:\"03-28-2026\";i:4;s:10:\"03-29-2026\";i:5;s:10:\"03-30-2026\";i:9;s:10:\"03-31-2026\";i:6;s:10:\"04-01-2026\";i:1;s:10:\"04-02-2026\";i:9;s:10:\"04-03-2026\";i:9;s:10:\"04-04-2026\";i:4;s:10:\"04-05-2026\";i:6;s:10:\"04-06-2026\";i:10;s:10:\"04-07-2026\";i:12;s:10:\"04-08-2026\";i:7;s:10:\"04-09-2026\";i:4;s:10:\"04-10-2026\";i:9;s:10:\"04-11-2026\";i:3;s:10:\"04-12-2026\";i:3;s:10:\"04-13-2026\";i:10;s:10:\"04-14-2026\";i:9;s:10:\"04-15-2026\";i:5;s:10:\"04-16-2026\";i:5;s:10:\"04-17-2026\";i:14;s:10:\"04-18-2026\";i:5;s:10:\"04-19-2026\";i:6;s:10:\"04-20-2026\";i:5;s:10:\"04-21-2026\";i:5;s:10:\"04-22-2026\";i:3;s:10:\"04-23-2026\";i:5;s:10:\"04-24-2026\";i:6;s:10:\"04-25-2026\";i:5;s:10:\"04-26-2026\";i:7;s:10:\"04-27-2026\";i:5;s:10:\"04-28-2026\";i:4;s:10:\"04-29-2026\";i:9;s:10:\"04-30-2026\";i:2;}"],"houzez_recently_viewed":["2026-04-30 10:14:00"],"fave_property_images":["10830","10816","11823","10831","10829","10828","10827","10819","10821","10820","10824","10818","10822","10826","10825","10823","10817"],"rs_page_bg_color":[""],"_elementor_page_assets":["a:0:{}"]},"_links":{"self":[{"href":"https:\/\/claus-von-benz.com\/es\/wp-json\/wp\/v2\/properties\/10807","targetHints":{"allow":["GET"]}}],"collection":[{"href":"https:\/\/claus-von-benz.com\/es\/wp-json\/wp\/v2\/properties"}],"about":[{"href":"https:\/\/claus-von-benz.com\/es\/wp-json\/wp\/v2\/types\/property"}],"author":[{"embeddable":true,"href":"https:\/\/claus-von-benz.com\/es\/wp-json\/wp\/v2\/users\/2"}],"version-history":[{"count":3,"href":"https:\/\/claus-von-benz.com\/es\/wp-json\/wp\/v2\/properties\/10807\/revisions"}],"predecessor-version":[{"id":11909,"href":"https:\/\/claus-von-benz.com\/es\/wp-json\/wp\/v2\/properties\/10807\/revisions\/11909"}],"wp:featuredmedia":[{"embeddable":true,"href":"https:\/\/claus-von-benz.com\/es\/wp-json\/wp\/v2\/media\/10830"}],"wp:attachment":[{"href":"https:\/\/claus-von-benz.com\/es\/wp-json\/wp\/v2\/media?parent=10807"}],"wp:term":[{"taxonomy":"property_type","embeddable":true,"href":"https:\/\/claus-von-benz.com\/es\/wp-json\/wp\/v2\/property_type?post=10807"},{"taxonomy":"property_status","embeddable":true,"href":"https:\/\/claus-von-benz.com\/es\/wp-json\/wp\/v2\/property_status?post=10807"},{"taxonomy":"property_feature","embeddable":true,"href":"https:\/\/claus-von-benz.com\/es\/wp-json\/wp\/v2\/property_feature?post=10807"},{"taxonomy":"property_label","embeddable":true,"href":"https:\/\/claus-von-benz.com\/es\/wp-json\/wp\/v2\/property_label?post=10807"},{"taxonomy":"property_country","embeddable":true,"href":"https:\/\/claus-von-benz.com\/es\/wp-json\/wp\/v2\/property_country?post=10807"},{"taxonomy":"property_state","embeddable":true,"href":"https:\/\/claus-von-benz.com\/es\/wp-json\/wp\/v2\/property_state?post=10807"},{"taxonomy":"property_city","embeddable":true,"href":"https:\/\/claus-von-benz.com\/es\/wp-json\/wp\/v2\/property_city?post=10807"},{"taxonomy":"property_area","embeddable":true,"href":"https:\/\/claus-von-benz.com\/es\/wp-json\/wp\/v2\/property_area?post=10807"}],"curies":[{"name":"wp","href":"https:\/\/api.w.org\/{rel}","templated":true}]}}

Santa Ponsa - Acogedor piso con impresionantes vistas a la bahía

<p>Experimente lo mejor que la vida frente al mar tiene para ofrecer en este encantador piso en Santa Ponsa. Situado en un moderno complejo de apartamentos en primera línea de mar, disfrutará de la combinación perfecta de comodidad, estilo e impresionantes vistas.</p>



<p>El piso, orientado al suroeste, le ofrece una amplia terraza cubierta con espectaculares vistas panorámicas de la bahía y el mar abierto: el lugar perfecto para un acogedor desayuno al sol o relajantes veladas con el sonido del mar.</p>



<p>Santa Ponsa es conocida por su excelente infraestructura y su especial estilo de vida. El paseo marítimo con sus numerosos restaurantes, bares e instalaciones comerciales está justo a la puerta. También hay centros médicos, bancos e instalaciones deportivas y de ocio en las inmediaciones. Se puede llegar a Palma en sólo 15 minutos en coche, mientras que las hermosas bahías y puertos deportivos también están a poca distancia.</p>



<p>Hay un aparcamiento público gratuito a sólo 150 metros.</p>



<p>La cuidada residencia impresiona por su acceso directo a la playa, un hermoso jardín y una amplia piscina. ¡Aquí podrá vivir momentos de vacaciones durante todo el año!</p>



<p><strong>PROPIEDADES</strong><br>Superficie habitable: 55 m² aprox.<br>Superficie construida: 65 m² aprox.<br>Balcón generosamente cubierto<br>Dormitorio 1<br>Baño 1<br>Piscina comunitaria<br>Primera línea de mar con acceso directo a la playa<br>Aire acondicionado y calefacción central</p>



<p>Este acogedor piso ofrece un estilo mediterráneo y una ubicación excepcional. Haga realidad su sueño de vivir en primera línea de playa y experimente la especial calidad de vida que ofrece Santa Ponsa.</p>



<p><strong>No lo dude, póngase en contacto con nosotros hoy mismo.</strong></p>

<p>Erleben Sie das Beste, was das Leben direkt am Meer zu bieten hat, in diesem charmanten Apartment in Santa Ponsa. Gelegen in einem modernen Apartmentkomplex in erster Meereslinie, genießen Sie hier die perfekte Kombination aus Komfort, Stil und einer atemberaubenden Aussicht. Die südwestorientierte Wohnung bietet Ihnen eine großzügige, überdachte Terrasse mit spektakulärem Panoramablick auf die [&hellip;]</p>

Santa Ponça, Calvià, Serra de Tramuntana, Illes Balears, 07180, España
