{"id":6900,"date":"2024-06-26T11:06:56","date_gmt":"2024-06-26T11:06:56","guid":{"rendered":"https:\/\/claus-von-benz.com\/?post_type=property&#038;p=6900"},"modified":"2025-06-20T17:00:38","modified_gmt":"2025-06-20T17:00:38","slug":"santa-ponsa-newly-renovated-sea-view-apartment-within-walking-distance-to-the-beach-and-shops","status":"publish","type":"property","link":"https:\/\/claus-von-benz.com\/en\/real-estate-mallorca\/santa-ponsa-newly-renovated-sea-view-apartment-within-walking-distance-to-the-beach-and-shops\/","title":{"rendered":"Santa Ponsa - Newly renovated sea view apartment within walking distance to the beach and stores"},"content":{"rendered":"<p>This newly renovated sea view apartment in Santa Ponsa, is located on the second sea line. This property has been recently furnished and equipped with modern furniture and household appliances. The central location allows you to easily reach the beach as well as numerous shops, bars and restaurants on foot.<\/p>\n\n\n\n<p>The well-kept building from 1970 is equipped with an elevator, which offers you the necessary comfort. Unfortunately, there is no private parking space, but public parking is available nearby.<\/p>\n\n\n\n<p>Community costs: EUR 70.00 per month<\/p>\n\n\n\n<p><strong>PROPERTIES<\/strong><br>5 m\u00b2 balcony with spectacular views of the sea and the bay of Santa Ponsa<br>Living space 36 m\u00b2<br>1 bedroom<br>1 bathroom<br>Underfloor heating<br>open kitchen<br>and much more.<\/p>","protected":false},"excerpt":{"rendered":"<p>This newly renovated sea view apartment in Santa Ponsa, is located on the second sea line. This property has been recently furnished and equipped with modern furniture and household appliances. The central location allows you to easily reach the beach as well as numerous shops, bars and restaurants on foot. The well-kept building from 1970 is equipped with an elevator [...]<\/p>","protected":false},"author":2,"featured_media":6903,"parent":0,"menu_order":0,"template":"","property_type":[28],"property_status":[172],"property_feature":[130,128,78,126,124],"property_label":[148],"property_country":[65],"property_state":[66],"property_city":[67],"property_area":[95],"class_list":["post-6900","property","type-property","status-publish","has-post-thumbnail","hentry","property_type-appartement-kaufen-mallorca","property_status-renoviert","property_feature-aufzug","property_feature-fussbodenheizung","property_feature-klimaanlage","property_feature-kueche","property_feature-meerblick","property_label-verkauft","property_country-spanien","property_state-mallorca","property_city-santa-ponsa","property_area-suedwesten"],"property_meta":{"_edit_lock":["1750438838:2"],"_thumbnail_id":["6903"],"_edit_last":["2"],"fave_property_price":["235000"],"fave_property_size":["36"],"fave_property_bedrooms":["1"],"fave_property_bathrooms":["1"],"fave_property_year":["1970"],"fave_property_id":["CVB-5028"],"fave_property_map":["1"],"fave_property_map_address":["Santa Pon\u00e7a, Calvi\u00e0, Serra de Tramuntana, Illes Balears, 07180, Espa\u00f1a"],"fave_property_location":["39.5148159,2.4819598,15"],"houzez_geolocation_lat":["39.5148159"],"houzez_geolocation_long":["2.4819598"],"fave_property_map_street_view":["show"],"fave_featured":["0"],"houzez_featured_listing_date":[""],"fave_loggedintoview":["0"],"fave_agent_display_option":["agent_info"],"fave_agents":["158"],"fave_prop_homeslider":["no"],"fave_single_top_area":["global"],"fave_single_content_area":["global"],"additional_features":["a:3:{i:0;a:2:{s:29:\"fave_additional_feature_title\";s:8:\"Ausblick\";s:29:\"fave_additional_feature_value\";s:39:\"Meerblick auf die Bucht von Santa Ponsa\";}i:1;a:2:{s:29:\"fave_additional_feature_title\";s:7:\"Heizung\";s:29:\"fave_additional_feature_value\";s:16:\"Fussbodenheizung\";}i:2;a:2:{s:29:\"fave_additional_feature_title\";s:7:\"Fenster\";s:29:\"fave_additional_feature_value\";s:37:\"Climalit-Fenster mit Doppelverglasung\";}}"],"_aioseo_title":[null],"_aioseo_description":[null],"_aioseo_keywords":["a:0:{}"],"_aioseo_og_title":[null],"_aioseo_og_description":[null],"_aioseo_og_article_section":[""],"_aioseo_og_article_tags":["a:0:{}"],"_aioseo_twitter_title":[null],"_aioseo_twitter_description":[null],"_uf_disable_surveys":[""],"_seopress_redirections_type":["301"],"_seopress_redirections_logged_status":["both"],"_seopress_video":["a:1:{i:0;a:8:{s:3:\"url\";s:0:\"\";s:5:\"title\";s:0:\"\";s:4:\"desc\";s:0:\"\";s:9:\"thumbnail\";s:0:\"\";s:8:\"duration\";s:0:\"\";s:6:\"rating\";s:0:\"\";s:10:\"view_count\";s:0:\"\";s:3:\"tag\";s:0:\"\";}}"],"_seopress_analysis_target_kw":[""],"om_disable_all_campaigns":[""],"houzez_manual_expire":["0"],"_houzez_expiration_date_status":["saved"],"houzez_total_property_views":["1322"],"houzez_views_by_date":["a:61:{s:10:\"02-25-2026\";i:3;s:10:\"02-26-2026\";i:11;s:10:\"02-27-2026\";i:10;s:10:\"02-28-2026\";i:6;s:10:\"03-01-2026\";i:10;s:10:\"03-02-2026\";i:24;s:10:\"03-03-2026\";i:5;s:10:\"03-04-2026\";i:5;s:10:\"03-05-2026\";i:16;s:10:\"03-06-2026\";i:2;s:10:\"03-07-2026\";i:4;s:10:\"03-08-2026\";i:13;s:10:\"03-09-2026\";i:10;s:10:\"03-10-2026\";i:18;s:10:\"03-11-2026\";i:18;s:10:\"03-12-2026\";i:16;s:10:\"03-13-2026\";i:12;s:10:\"03-14-2026\";i:6;s:10:\"03-15-2026\";i:8;s:10:\"03-16-2026\";i:15;s:10:\"03-17-2026\";i:18;s:10:\"03-18-2026\";i:21;s:10:\"03-19-2026\";i:15;s:10:\"03-20-2026\";i:16;s:10:\"03-21-2026\";i:11;s:10:\"03-22-2026\";i:9;s:10:\"03-23-2026\";i:4;s:10:\"03-24-2026\";i:10;s:10:\"03-25-2026\";i:17;s:10:\"03-26-2026\";i:18;s:10:\"03-27-2026\";i:3;s:10:\"03-28-2026\";i:11;s:10:\"03-29-2026\";i:4;s:10:\"03-30-2026\";i:7;s:10:\"03-31-2026\";i:9;s:10:\"04-01-2026\";i:5;s:10:\"04-02-2026\";i:20;s:10:\"04-03-2026\";i:5;s:10:\"04-04-2026\";i:6;s:10:\"04-05-2026\";i:6;s:10:\"04-06-2026\";i:13;s:10:\"04-07-2026\";i:4;s:10:\"04-08-2026\";i:4;s:10:\"04-09-2026\";i:7;s:10:\"04-10-2026\";i:3;s:10:\"04-11-2026\";i:4;s:10:\"04-12-2026\";i:9;s:10:\"04-13-2026\";i:5;s:10:\"04-14-2026\";i:13;s:10:\"04-15-2026\";i:5;s:10:\"04-16-2026\";i:5;s:10:\"04-17-2026\";i:8;s:10:\"04-18-2026\";i:6;s:10:\"04-19-2026\";i:10;s:10:\"04-20-2026\";i:8;s:10:\"04-21-2026\";i:2;s:10:\"04-22-2026\";i:4;s:10:\"04-23-2026\";i:6;s:10:\"04-24-2026\";i:9;s:10:\"04-25-2026\";i:11;s:10:\"04-26-2026\";i:9;}"],"houzez_recently_viewed":["2026-04-26 15:45:29"],"_trp_automatically_translated_slug_en_US":["santa-ponsa-newly-renovated-sea-view-apartment-within-walking-distance-to-the-beach-and-shops"],"_trp_automatically_translated_slug_es_ES":["santa-ponsa-piso-recien-reformado-con-vistas-al-mar-a-un-paso-de-la-playa-y-los-comercios"],"fave_show_price_placeholder":["0"],"fave_property_images":["6916","6904","6905","6906","6907","6908","6909","6910","6911","6912","6913","6914","6915"],"rs_page_bg_color":[""],"_elementor_page_assets":["a:0:{}"]},"_links":{"self":[{"href":"https:\/\/claus-von-benz.com\/en\/wp-json\/wp\/v2\/properties\/6900","targetHints":{"allow":["GET"]}}],"collection":[{"href":"https:\/\/claus-von-benz.com\/en\/wp-json\/wp\/v2\/properties"}],"about":[{"href":"https:\/\/claus-von-benz.com\/en\/wp-json\/wp\/v2\/types\/property"}],"author":[{"embeddable":true,"href":"https:\/\/claus-von-benz.com\/en\/wp-json\/wp\/v2\/users\/2"}],"version-history":[{"count":6,"href":"https:\/\/claus-von-benz.com\/en\/wp-json\/wp\/v2\/properties\/6900\/revisions"}],"predecessor-version":[{"id":8205,"href":"https:\/\/claus-von-benz.com\/en\/wp-json\/wp\/v2\/properties\/6900\/revisions\/8205"}],"wp:featuredmedia":[{"embeddable":true,"href":"https:\/\/claus-von-benz.com\/en\/wp-json\/wp\/v2\/media\/6903"}],"wp:attachment":[{"href":"https:\/\/claus-von-benz.com\/en\/wp-json\/wp\/v2\/media?parent=6900"}],"wp:term":[{"taxonomy":"property_type","embeddable":true,"href":"https:\/\/claus-von-benz.com\/en\/wp-json\/wp\/v2\/property_type?post=6900"},{"taxonomy":"property_status","embeddable":true,"href":"https:\/\/claus-von-benz.com\/en\/wp-json\/wp\/v2\/property_status?post=6900"},{"taxonomy":"property_feature","embeddable":true,"href":"https:\/\/claus-von-benz.com\/en\/wp-json\/wp\/v2\/property_feature?post=6900"},{"taxonomy":"property_label","embeddable":true,"href":"https:\/\/claus-von-benz.com\/en\/wp-json\/wp\/v2\/property_label?post=6900"},{"taxonomy":"property_country","embeddable":true,"href":"https:\/\/claus-von-benz.com\/en\/wp-json\/wp\/v2\/property_country?post=6900"},{"taxonomy":"property_state","embeddable":true,"href":"https:\/\/claus-von-benz.com\/en\/wp-json\/wp\/v2\/property_state?post=6900"},{"taxonomy":"property_city","embeddable":true,"href":"https:\/\/claus-von-benz.com\/en\/wp-json\/wp\/v2\/property_city?post=6900"},{"taxonomy":"property_area","embeddable":true,"href":"https:\/\/claus-von-benz.com\/en\/wp-json\/wp\/v2\/property_area?post=6900"}],"curies":[{"name":"wp","href":"https:\/\/api.w.org\/{rel}","templated":true}]}}

Santa Ponça, Calvià, Serra de Tramuntana, Illes Balears, 07180, España
