{"id":6879,"date":"2024-06-26T10:47:12","date_gmt":"2024-06-26T10:47:12","guid":{"rendered":"https:\/\/claus-von-benz.com\/?post_type=property&#038;p=6879"},"modified":"2025-04-04T10:31:29","modified_gmt":"2025-04-04T10:31:29","slug":"old-arenal-newly-renovated-apartment-with-side-sea-view-and-walking-distance-to-the-beach-and-shops","status":"publish","type":"property","link":"https:\/\/claus-von-benz.com\/en\/real-estate-mallorca\/old-arenal-newly-renovated-apartment-with-side-sea-view-and-walking-distance-to-the-beach-and-shops\/","title":{"rendered":"Alt-Arenal - Sea view apartment newly renovated and within walking distance to the beach and stores"},"content":{"rendered":"<p>This charming, newly renovated apartment is located in Alt-Arenal and offers a wonderful side sea view. The location is perfect: the beach, stores, restaurants, caf\u00e9s and the N\u00e1utico yacht club are all within walking distance. The apartment itself impresses with its modern furnishings and high-quality materials.<\/p>\n\n\n\n<p>The building is equipped with two elevators and thus offers convenient access to all apartments. Public parking spaces are located in the immediate vicinity. The famous Playa de Palma is only a few minutes' walk away. The vibrant municipality of El Arenal and its kilometer-long Playa de Palma offer numerous attractions and are known for their lively lifestyle. The airport is only a 5-minute drive away and the capital Palma can be reached in 15 minutes.<\/p>\n\n\n\n<p><strong>PROPERTIES<\/strong><br>Living space: 36 m\u00b2<br>Built-up area: 46 m\u00b2<br>Energy certificate: E<br>Community costs: EUR 45,-\/month<br>Wide sea view<br>2 elevators<br>and much more.<\/p>","protected":false},"excerpt":{"rendered":"<p>Diese charmante, frisch renovierte Wohnung befindet sich in Alt-Arenal und bietet einen herrlichen Seitenmeerblick. Die Lage ist perfekt: fu\u00dfl\u00e4ufig erreichen Sie den Strand, Gesch\u00e4fte, Restaurants, Caf\u00e9s und den Yacht-Club N\u00e1utico. Die Wohnung selbst besticht durch ihre moderne Ausstattung und hochwertige Materialien. Das Geb\u00e4ude ist mit zwei Aufz\u00fcgen ausgestattet und bietet somit bequemen Zugang zu allen [&hellip;]<\/p>","protected":false},"author":2,"featured_media":6897,"parent":0,"menu_order":0,"template":"","property_type":[28],"property_status":[172,25],"property_feature":[78,126,124,82],"property_label":[],"property_country":[65],"property_state":[66],"property_city":[113],"property_area":[115],"class_list":["post-6879","property","type-property","status-publish","has-post-thumbnail","hentry","property_type-appartement-kaufen-mallorca","property_status-renoviert","property_status-zu-verkaufen","property_feature-klimaanlage","property_feature-kueche","property_feature-meerblick","property_feature-moebliert","property_country-spanien","property_state-mallorca","property_city-el-arenal","property_area-sueden"],"property_meta":{"_edit_lock":["1743779325:2"],"_thumbnail_id":["6897"],"_edit_last":["2"],"fave_property_price":["199000"],"fave_property_size":["36"],"fave_property_bedrooms":["1"],"fave_property_bathrooms":["1"],"fave_property_id":["CVB-5027"],"fave_property_map":["1"],"fave_property_map_address":["s'Arenal, Son Ver\u00ed, Llucmajor, Migjorn, Illes Balears, 07600, Espa\u00f1a"],"fave_property_location":["39.500808,2.7562643,14"],"houzez_geolocation_lat":["39.500808"],"houzez_geolocation_long":["2.7562643"],"fave_property_map_street_view":["show"],"fave_featured":["0"],"houzez_featured_listing_date":[""],"fave_loggedintoview":["0"],"fave_agent_display_option":["agent_info"],"fave_agents":["158"],"fave_prop_homeslider":["no"],"fave_single_top_area":["global"],"fave_single_content_area":["global"],"additional_features":["a:1:{i:0;a:2:{s:29:\"fave_additional_feature_title\";s:8:\"Ausblick\";s:29:\"fave_additional_feature_value\";s:13:\"Weitmeerblick\";}}"],"_aioseo_title":[null],"_aioseo_description":[null],"_aioseo_keywords":["a:0:{}"],"_aioseo_og_title":[null],"houzez_total_property_views":["538"],"_aioseo_og_description":[null],"_aioseo_og_article_section":[""],"houzez_views_by_date":["a:61:{s:10:\"02-20-2026\";i:2;s:10:\"02-21-2026\";i:6;s:10:\"02-22-2026\";i:2;s:10:\"02-23-2026\";i:5;s:10:\"02-24-2026\";i:7;s:10:\"02-26-2026\";i:8;s:10:\"02-27-2026\";i:6;s:10:\"02-28-2026\";i:3;s:10:\"03-01-2026\";i:2;s:10:\"03-02-2026\";i:4;s:10:\"03-03-2026\";i:5;s:10:\"03-04-2026\";i:4;s:10:\"03-05-2026\";i:6;s:10:\"03-06-2026\";i:2;s:10:\"03-07-2026\";i:2;s:10:\"03-08-2026\";i:1;s:10:\"03-09-2026\";i:4;s:10:\"03-10-2026\";i:16;s:10:\"03-11-2026\";i:15;s:10:\"03-12-2026\";i:2;s:10:\"03-13-2026\";i:7;s:10:\"03-14-2026\";i:3;s:10:\"03-15-2026\";i:6;s:10:\"03-16-2026\";i:7;s:10:\"03-17-2026\";i:6;s:10:\"03-18-2026\";i:7;s:10:\"03-19-2026\";i:5;s:10:\"03-20-2026\";i:10;s:10:\"03-21-2026\";i:10;s:10:\"03-22-2026\";i:2;s:10:\"03-23-2026\";i:5;s:10:\"03-24-2026\";i:2;s:10:\"03-25-2026\";i:12;s:10:\"03-26-2026\";i:12;s:10:\"03-27-2026\";i:3;s:10:\"03-28-2026\";i:1;s:10:\"03-29-2026\";i:2;s:10:\"03-30-2026\";i:4;s:10:\"03-31-2026\";i:5;s:10:\"04-01-2026\";i:2;s:10:\"04-02-2026\";i:10;s:10:\"04-04-2026\";i:1;s:10:\"04-05-2026\";i:2;s:10:\"04-06-2026\";i:4;s:10:\"04-07-2026\";i:5;s:10:\"04-08-2026\";i:3;s:10:\"04-09-2026\";i:8;s:10:\"04-10-2026\";i:1;s:10:\"04-12-2026\";i:1;s:10:\"04-14-2026\";i:16;s:10:\"04-15-2026\";i:5;s:10:\"04-17-2026\";i:5;s:10:\"04-18-2026\";i:1;s:10:\"04-19-2026\";i:8;s:10:\"04-20-2026\";i:6;s:10:\"04-21-2026\";i:3;s:10:\"04-22-2026\";i:4;s:10:\"04-23-2026\";i:2;s:10:\"04-24-2026\";i:1;s:10:\"04-25-2026\";i:5;s:10:\"04-26-2026\";i:5;}"],"houzez_recently_viewed":["2026-04-26 11:12:36"],"_aioseo_og_article_tags":["a:0:{}"],"_aioseo_twitter_title":[null],"_aioseo_twitter_description":[null],"_uf_disable_surveys":[""],"_seopress_redirections_type":["301"],"_seopress_redirections_logged_status":["both"],"_seopress_video":["a:1:{i:0;a:8:{s:3:\"url\";s:0:\"\";s:5:\"title\";s:0:\"\";s:4:\"desc\";s:0:\"\";s:9:\"thumbnail\";s:0:\"\";s:8:\"duration\";s:0:\"\";s:6:\"rating\";s:0:\"\";s:10:\"view_count\";s:0:\"\";s:3:\"tag\";s:0:\"\";}}"],"_seopress_analysis_target_kw":[""],"om_disable_all_campaigns":[""],"houzez_manual_expire":["0"],"_houzez_expiration_date_status":["saved"],"fave_show_price_placeholder":["0"],"_trp_automatically_translated_slug_en_US":["old-arenal-newly-renovated-apartment-with-side-sea-view-and-walking-distance-to-the-beach-and-shops"],"_trp_automatically_translated_slug_es_ES":["antiguo-arenal-piso-recien-reformado-con-vista-lateral-al-mar-y-a-poca-distancia-de-la-playa-y-tiendas"],"fave_property_year":["1968"],"fave_energy_class":["E"],"fave_property_images":["6887","6883","6884","6891","6890","6886","6889","6885","6892"],"_elementor_page_assets":["a:0:{}"]},"_links":{"self":[{"href":"https:\/\/claus-von-benz.com\/en\/wp-json\/wp\/v2\/properties\/6879","targetHints":{"allow":["GET"]}}],"collection":[{"href":"https:\/\/claus-von-benz.com\/en\/wp-json\/wp\/v2\/properties"}],"about":[{"href":"https:\/\/claus-von-benz.com\/en\/wp-json\/wp\/v2\/types\/property"}],"author":[{"embeddable":true,"href":"https:\/\/claus-von-benz.com\/en\/wp-json\/wp\/v2\/users\/2"}],"version-history":[{"count":6,"href":"https:\/\/claus-von-benz.com\/en\/wp-json\/wp\/v2\/properties\/6879\/revisions"}],"predecessor-version":[{"id":8650,"href":"https:\/\/claus-von-benz.com\/en\/wp-json\/wp\/v2\/properties\/6879\/revisions\/8650"}],"wp:featuredmedia":[{"embeddable":true,"href":"https:\/\/claus-von-benz.com\/en\/wp-json\/wp\/v2\/media\/6897"}],"wp:attachment":[{"href":"https:\/\/claus-von-benz.com\/en\/wp-json\/wp\/v2\/media?parent=6879"}],"wp:term":[{"taxonomy":"property_type","embeddable":true,"href":"https:\/\/claus-von-benz.com\/en\/wp-json\/wp\/v2\/property_type?post=6879"},{"taxonomy":"property_status","embeddable":true,"href":"https:\/\/claus-von-benz.com\/en\/wp-json\/wp\/v2\/property_status?post=6879"},{"taxonomy":"property_feature","embeddable":true,"href":"https:\/\/claus-von-benz.com\/en\/wp-json\/wp\/v2\/property_feature?post=6879"},{"taxonomy":"property_label","embeddable":true,"href":"https:\/\/claus-von-benz.com\/en\/wp-json\/wp\/v2\/property_label?post=6879"},{"taxonomy":"property_country","embeddable":true,"href":"https:\/\/claus-von-benz.com\/en\/wp-json\/wp\/v2\/property_country?post=6879"},{"taxonomy":"property_state","embeddable":true,"href":"https:\/\/claus-von-benz.com\/en\/wp-json\/wp\/v2\/property_state?post=6879"},{"taxonomy":"property_city","embeddable":true,"href":"https:\/\/claus-von-benz.com\/en\/wp-json\/wp\/v2\/property_city?post=6879"},{"taxonomy":"property_area","embeddable":true,"href":"https:\/\/claus-von-benz.com\/en\/wp-json\/wp\/v2\/property_area?post=6879"}],"curies":[{"name":"wp","href":"https:\/\/api.w.org\/{rel}","templated":true}]}}

<p>This charming, newly renovated apartment is located in Alt-Arenal and offers a wonderful side sea view. The location is perfect: the beach, stores, restaurants, cafés and the Náutico yacht club are all within walking distance. The apartment itself impresses with its modern furnishings and high-quality materials.</p>



<p>The building is equipped with two elevators and thus offers convenient access to all apartments. Public parking spaces are located in the immediate vicinity. The famous Playa de Palma is only a few minutes' walk away. The vibrant municipality of El Arenal and its kilometer-long Playa de Palma offer numerous attractions and are known for their lively lifestyle. The airport is only a 5-minute drive away and the capital Palma can be reached in 15 minutes.</p>



<p><strong>PROPERTIES</strong><br>Living space: 36 m²<br>Built-up area: 46 m²<br>Energy certificate: E<br>Community costs: EUR 45,-/month<br>Wide sea view<br>2 elevators<br>and much more.</p>

<p>Diese charmante, frisch renovierte Wohnung befindet sich in Alt-Arenal und bietet einen herrlichen Seitenmeerblick. Die Lage ist perfekt: fußläufig erreichen Sie den Strand, Geschäfte, Restaurants, Cafés und den Yacht-Club Náutico. Die Wohnung selbst besticht durch ihre moderne Ausstattung und hochwertige Materialien. Das Gebäude ist mit zwei Aufzügen ausgestattet und bietet somit bequemen Zugang zu allen [&hellip;]</p>

s'Arenal, Son Verí, Llucmajor, Migjorn, Illes Balears, 07600, España
