{"id":22505,"date":"2025-07-27T14:08:40","date_gmt":"2025-07-27T14:08:40","guid":{"rendered":"https:\/\/claus-von-benz.com\/?post_type=property&#038;p=22505"},"modified":"2025-08-02T17:18:01","modified_gmt":"2025-08-02T17:18:01","slug":"santanyi-ses-salines-rural-plot-with-detached-passive-house-project-with-pool","status":"publish","type":"property","link":"https:\/\/claus-von-benz.com\/en\/real-estate-mallorca\/santanyi-ses-salines-rural-plot-with-detached-passive-house-project-with-pool\/","title":{"rendered":"SANTANYI \/ SES SALINES: Rural plot with project for detached passive house with pool"},"content":{"rendered":"<p>A beautiful 28,412 m\u00b2 rural plot of land is for sale here. The project for a detached single family passive house was submitted on June 28, 2022 and all fees have been paid.<\/p>\n\n\n\n<p>The property is surrounded by a stone wall and has had an approved well with an annual irrigation volume of 3,000 m\u00b3 since June 2025. <\/p>\n\n\n\n<p>In a fantastic location, only 5 minutes as the crow flies from the Ses Salines lighthouse, i.e. with asphalted access via the Ma-6110 towards Cap d'es Far de Ses Salines.<\/p>\n\n\n\n<p>Rectangular plot shape.<\/p>\n\n\n\n<p><\/p>\n\n\n\n<p>PROJECT:<\/p>\n\n\n\n<p>PASSIVHAUS distributed over a basement (57 m\u00b2 - machine room) and the living area on the first floor (216 m\u00b2 living space).<\/p>\n\n\n\n<p>Bedroom: 3 <br>Bathroom: 3<br>Covered terraces: 2 (11 and 10 m2)<br>Garage: 73 m2<br>Pool: 34,50 m2<br>First floor area: 311 m2<br>Total built-up area: 369 m2<br><\/p>\n\n\n\n<p>MINUTES BY CAR TO THE SEA:<\/p>\n\n\n\n<p>Cap de Ses Salines: 5 min<br>Es Trenc: 10 min<br>Cala Llombards: 12 min<br>Cala Santany\u00ed: 15 min<br>Colonia Sant Jordi: 20 min<br>Cala Mondrag\u00f3: 29 min<br>Only a few minutes away from Cala M\u00e1rmols, Es Cargol, Cala Tugores and Cala Figuereta<\/p>\n\n\n\n<p>MINUTES BY CAR TO OTHER TOWNS:<\/p>\n\n\n\n<p>Ses Salines: 8 min<br>Santanyi: 11 min<br>Campos: 20 min<br>Portopetro: 24 min<br>Portocolom: 31 min<br>Palma: 48 min<br>Airport: 44 min<\/p>\n\n\n\n<p>\ud83d\udcde Please call us to arrange a viewing appointment.<\/p>","protected":false},"excerpt":{"rendered":"<p>Ein wundersch\u00f6nes 28.412 m\u00b2 gro\u00dfes l\u00e4ndliches Grundst\u00fcck steht hier zum Verkauf. Das Projekt f\u00fcr ein freistehendes Einfamilien-Passivhaus wurde am 28. Juni 2022 eingereicht und alle Geb\u00fchren wurden bezahlt. Das Grundst\u00fcck ist mit Steinmauer umgeben und verf\u00fcgt seit Juni 2025 \u00fcber einen genehmigten Brunnen mit einer j\u00e4hrlichen Bew\u00e4sserungsmenge von 3.000 m\u00b3. In traumhafter Lage, nur 5 [&hellip;]<\/p>","protected":false},"author":9,"featured_media":23378,"parent":0,"menu_order":0,"template":"","property_type":[142],"property_status":[25],"property_feature":[],"property_label":[135],"property_country":[65],"property_state":[66],"property_city":[160,156],"property_area":[115],"class_list":["post-22505","property","type-property","status-publish","has-post-thumbnail","hentry","property_type-grundstueck-kaufen-mallorca","property_status-zu-verkaufen","property_label-exclusiv","property_country-spanien","property_state-mallorca","property_city-santanyi","property_city-ses-salines","property_area-sueden"],"property_meta":{"_edit_lock":["1754673171:9"],"_edit_last":["9"],"fave_show_price_placeholder":["0"],"fave_property_id":["CVB-8076"],"fave_property_map":["1"],"fave_property_location":["39.306419010188,3.0771377310499,12"],"houzez_geolocation_lat":["39.306419010188"],"houzez_geolocation_long":["3.0771377310499"],"fave_property_map_street_view":["show"],"fave_featured":["1"],"houzez_featured_listing_date":["2025-07-27 13:45:20"],"fave_loggedintoview":["0"],"fave_agent_display_option":["agent_info"],"fave_prop_homeslider":["no"],"fave_single_top_area":["global"],"fave_single_content_area":["global"],"_uf_disable_surveys":[""],"_seopress_redirections_type":["301"],"_seopress_redirections_logged_status":["both"],"_seopress_video":["a:1:{i:0;a:8:{s:3:\"url\";s:0:\"\";s:5:\"title\";s:0:\"\";s:4:\"desc\";s:0:\"\";s:9:\"thumbnail\";s:0:\"\";s:8:\"duration\";s:0:\"\";s:6:\"rating\";s:0:\"\";s:10:\"view_count\";s:0:\"\";s:3:\"tag\";s:0:\"\";}}"],"_seopress_analysis_target_kw":[""],"om_disable_all_campaigns":[""],"houzez_manual_expire":["0"],"_houzez_expiration_date_status":["saved"],"houzez_total_property_views":["421"],"houzez_views_by_date":["a:61:{s:10:\"02-28-2026\";i:2;s:10:\"03-01-2026\";i:3;s:10:\"03-02-2026\";i:1;s:10:\"03-03-2026\";i:4;s:10:\"03-04-2026\";i:1;s:10:\"03-05-2026\";i:3;s:10:\"03-06-2026\";i:9;s:10:\"03-07-2026\";i:1;s:10:\"03-08-2026\";i:2;s:10:\"03-09-2026\";i:5;s:10:\"03-10-2026\";i:9;s:10:\"03-11-2026\";i:6;s:10:\"03-12-2026\";i:2;s:10:\"03-13-2026\";i:3;s:10:\"03-14-2026\";i:6;s:10:\"03-15-2026\";i:5;s:10:\"03-16-2026\";i:8;s:10:\"03-17-2026\";i:6;s:10:\"03-18-2026\";i:3;s:10:\"03-19-2026\";i:8;s:10:\"03-20-2026\";i:6;s:10:\"03-21-2026\";i:8;s:10:\"03-22-2026\";i:2;s:10:\"03-23-2026\";i:1;s:10:\"03-24-2026\";i:5;s:10:\"03-25-2026\";i:4;s:10:\"03-26-2026\";i:3;s:10:\"03-28-2026\";i:1;s:10:\"03-29-2026\";i:2;s:10:\"03-30-2026\";i:1;s:10:\"03-31-2026\";i:4;s:10:\"04-01-2026\";i:1;s:10:\"04-02-2026\";i:8;s:10:\"04-03-2026\";i:1;s:10:\"04-05-2026\";i:6;s:10:\"04-06-2026\";i:5;s:10:\"04-07-2026\";i:4;s:10:\"04-08-2026\";i:1;s:10:\"04-09-2026\";i:1;s:10:\"04-10-2026\";i:4;s:10:\"04-11-2026\";i:1;s:10:\"04-12-2026\";i:3;s:10:\"04-14-2026\";i:4;s:10:\"04-15-2026\";i:1;s:10:\"04-17-2026\";i:3;s:10:\"04-18-2026\";i:8;s:10:\"04-19-2026\";i:5;s:10:\"04-20-2026\";i:2;s:10:\"04-21-2026\";i:2;s:10:\"04-22-2026\";i:3;s:10:\"04-23-2026\";i:2;s:10:\"04-24-2026\";i:4;s:10:\"04-25-2026\";i:4;s:10:\"04-26-2026\";i:8;s:10:\"04-27-2026\";i:6;s:10:\"04-28-2026\";i:3;s:10:\"04-29-2026\";i:6;s:10:\"04-30-2026\";i:2;s:10:\"05-01-2026\";i:9;s:10:\"05-02-2026\";i:3;s:10:\"05-03-2026\";i:2;}"],"houzez_recently_viewed":["2026-05-03 06:45:06"],"fave_property_price":["1499000"],"fave_property_land":["28412"],"fave_property_map_address":["Ses Salines, Migjorn, Illes Balears, Espa\u00f1a"],"fave_property_address":["SES SALINES"],"fave_agents":["158"],"_thumbnail_id":["23378"],"fave_property_size":["211"],"fave_property_size_prefix":["369"],"fave_property_images":["23378","23387","23391","23390","23380","23383","23384","23389","23394","23392","23395","23396","23393","23381","23379","23385","23386","23388","23404","23403","23405","23406"],"_elementor_page_assets":["a:0:{}"]},"_links":{"self":[{"href":"https:\/\/claus-von-benz.com\/en\/wp-json\/wp\/v2\/properties\/22505","targetHints":{"allow":["GET"]}}],"collection":[{"href":"https:\/\/claus-von-benz.com\/en\/wp-json\/wp\/v2\/properties"}],"about":[{"href":"https:\/\/claus-von-benz.com\/en\/wp-json\/wp\/v2\/types\/property"}],"author":[{"embeddable":true,"href":"https:\/\/claus-von-benz.com\/en\/wp-json\/wp\/v2\/users\/9"}],"version-history":[{"count":4,"href":"https:\/\/claus-von-benz.com\/en\/wp-json\/wp\/v2\/properties\/22505\/revisions"}],"predecessor-version":[{"id":23407,"href":"https:\/\/claus-von-benz.com\/en\/wp-json\/wp\/v2\/properties\/22505\/revisions\/23407"}],"wp:featuredmedia":[{"embeddable":true,"href":"https:\/\/claus-von-benz.com\/en\/wp-json\/wp\/v2\/media\/23378"}],"wp:attachment":[{"href":"https:\/\/claus-von-benz.com\/en\/wp-json\/wp\/v2\/media?parent=22505"}],"wp:term":[{"taxonomy":"property_type","embeddable":true,"href":"https:\/\/claus-von-benz.com\/en\/wp-json\/wp\/v2\/property_type?post=22505"},{"taxonomy":"property_status","embeddable":true,"href":"https:\/\/claus-von-benz.com\/en\/wp-json\/wp\/v2\/property_status?post=22505"},{"taxonomy":"property_feature","embeddable":true,"href":"https:\/\/claus-von-benz.com\/en\/wp-json\/wp\/v2\/property_feature?post=22505"},{"taxonomy":"property_label","embeddable":true,"href":"https:\/\/claus-von-benz.com\/en\/wp-json\/wp\/v2\/property_label?post=22505"},{"taxonomy":"property_country","embeddable":true,"href":"https:\/\/claus-von-benz.com\/en\/wp-json\/wp\/v2\/property_country?post=22505"},{"taxonomy":"property_state","embeddable":true,"href":"https:\/\/claus-von-benz.com\/en\/wp-json\/wp\/v2\/property_state?post=22505"},{"taxonomy":"property_city","embeddable":true,"href":"https:\/\/claus-von-benz.com\/en\/wp-json\/wp\/v2\/property_city?post=22505"},{"taxonomy":"property_area","embeddable":true,"href":"https:\/\/claus-von-benz.com\/en\/wp-json\/wp\/v2\/property_area?post=22505"}],"curies":[{"name":"wp","href":"https:\/\/api.w.org\/{rel}","templated":true}]}}

<p>A beautiful 28,412 m² rural plot of land is for sale here. The project for a detached single family passive house was submitted on June 28, 2022 and all fees have been paid.</p>



<p>The property is surrounded by a stone wall and has had an approved well with an annual irrigation volume of 3,000 m³ since June 2025. </p>



<p>In a fantastic location, only 5 minutes as the crow flies from the Ses Salines lighthouse, i.e. with asphalted access via the Ma-6110 towards Cap d'es Far de Ses Salines.</p>



<p>Rectangular plot shape.</p>



<p></p>



<p>PROJECT:</p>



<p>PASSIVHAUS distributed over a basement (57 m² - machine room) and the living area on the first floor (216 m² living space).</p>



<p>Bedroom: 3 <br>Bathroom: 3<br>Covered terraces: 2 (11 and 10 m2)<br>Garage: 73 m2<br>Pool: 34,50 m2<br>First floor area: 311 m2<br>Total built-up area: 369 m2<br></p>



<p>MINUTES BY CAR TO THE SEA:</p>



<p>Cap de Ses Salines: 5 min<br>Es Trenc: 10 min<br>Cala Llombards: 12 min<br>Cala Santanyí: 15 min<br>Colonia Sant Jordi: 20 min<br>Cala Mondragó: 29 min<br>Only a few minutes away from Cala Mármols, Es Cargol, Cala Tugores and Cala Figuereta</p>



<p>MINUTES BY CAR TO OTHER TOWNS:</p>



<p>Ses Salines: 8 min<br>Santanyi: 11 min<br>Campos: 20 min<br>Portopetro: 24 min<br>Portocolom: 31 min<br>Palma: 48 min<br>Airport: 44 min</p>



<p>📞 Please call us to arrange a viewing appointment.</p>

<p>Ein wunderschönes 28.412 m² großes ländliches Grundstück steht hier zum Verkauf. Das Projekt für ein freistehendes Einfamilien-Passivhaus wurde am 28. Juni 2022 eingereicht und alle Gebühren wurden bezahlt. Das Grundstück ist mit Steinmauer umgeben und verfügt seit Juni 2025 über einen genehmigten Brunnen mit einer jährlichen Bewässerungsmenge von 3.000 m³. In traumhafter Lage, nur 5 [&hellip;]</p>

Ses Salines, Migjorn, Illes Balears, España
